Last updated on 2025-05-03 21:51:32 CEST.
Flavor | Version | Tinstall | Tcheck | Ttotal | Status | Flags |
---|---|---|---|---|---|---|
r-devel-linux-x86_64-debian-clang | 2.1-2 | 17.95 | 237.28 | 255.23 | NOTE | |
r-devel-linux-x86_64-debian-gcc | 2.1-2 | 14.75 | 175.30 | 190.05 | NOTE | |
r-devel-linux-x86_64-fedora-clang | 2.1-2 | 433.58 | OK | |||
r-devel-linux-x86_64-fedora-gcc | 2.1-2 | 406.41 | OK | |||
r-devel-windows-x86_64 | 2.1-2 | 20.00 | 229.00 | 249.00 | OK | |
r-patched-linux-x86_64 | 2.1-2 | 19.22 | 229.14 | 248.36 | OK | |
r-release-linux-x86_64 | OK | |||||
r-release-macos-arm64 | 2.1-2 | 108.00 | OK | |||
r-release-macos-x86_64 | 2.1-2 | 212.00 | OK | |||
r-release-windows-x86_64 | 2.1-2 | 20.00 | 228.00 | 248.00 | OK | |
r-oldrel-macos-arm64 | 2.1-2 | 113.00 | NOTE | |||
r-oldrel-macos-x86_64 | 2.1-2 | 166.00 | NOTE | |||
r-oldrel-windows-x86_64 | 2.1-2 | 27.00 | 300.00 | 327.00 | OK |
Version: 2.1-2
Check: examples
Result: NOTE
Examples with CPU time > 2.5 times elapsed time
user system elapsed ratio
plotMissing 2.684 0.303 0.426 7.012
Flavor: r-devel-linux-x86_64-debian-clang
Version: 2.1-2
Check: examples
Result: NOTE
Examples with CPU time > 2.5 times elapsed time
user system elapsed ratio
plotMissing 2.002 0.397 0.242 9.913
Flavor: r-devel-linux-x86_64-debian-gcc
Version: 2.1-2
Check: package dependencies
Result: NOTE
Package suggested but not available for checking: ‘TxDb.Hsapiens.UCSC.hg19.knownGene’
Flavors: r-oldrel-macos-arm64, r-oldrel-macos-x86_64