CRAN Package Check Results for Package SOFIA

Last updated on 2025-05-04 03:51:07 CEST.

Flavor Version Tinstall Tcheck Ttotal Status Flags
r-devel-linux-x86_64-debian-clang 1.0 2.43 21.43 23.86 NOTE
r-devel-linux-x86_64-debian-gcc 1.0 1.85 16.63 18.48 NOTE
r-devel-linux-x86_64-fedora-clang 1.0 35.76 OK
r-devel-linux-x86_64-fedora-gcc 1.0 34.98 OK
r-devel-windows-x86_64 1.0 3.00 41.00 44.00 OK
r-patched-linux-x86_64 1.0 2.39 20.23 22.62 OK
r-release-linux-x86_64 OK
r-release-macos-arm64 1.0 16.00 OK
r-release-macos-x86_64 1.0 27.00 OK
r-release-windows-x86_64 1.0 3.00 41.00 44.00 OK
r-oldrel-macos-arm64 1.0 16.00 OK
r-oldrel-macos-x86_64 1.0 24.00 OK
r-oldrel-windows-x86_64 1.0 4.00 40.00 44.00 OK

Check Details

Version: 1.0
Check: CRAN incoming feasibility
Result: NOTE Maintainer: ‘Luis Diaz-Garcia <diazgarcia@wisc.edu>’ No Authors@R field in DESCRIPTION. Please add one, modifying Authors@R: person(given = "Luis", family = "Diaz-Garcia", role = c("aut", "cre"), email = "diazgarcia@wisc.edu") as necessary. Package CITATION file contains call(s) to old-style citEntry(). Please use bibentry() instead. Flavors: r-devel-linux-x86_64-debian-clang, r-devel-linux-x86_64-debian-gcc