Last updated on 2025-05-07 06:50:03 CEST.
Flavor | Version | Tinstall | Tcheck | Ttotal | Status | Flags |
---|---|---|---|---|---|---|
r-devel-linux-x86_64-debian-clang | 1.6 | 3.31 | 31.35 | 34.66 | NOTE | |
r-devel-linux-x86_64-debian-gcc | 1.6 | 2.25 | 23.09 | 25.34 | NOTE | |
r-devel-linux-x86_64-fedora-clang | 1.6 | 53.24 | OK | |||
r-devel-linux-x86_64-fedora-gcc | 1.6 | 52.35 | OK | |||
r-devel-windows-x86_64 | 1.6 | 4.00 | 55.00 | 59.00 | OK | |
r-patched-linux-x86_64 | 1.6 | 3.26 | 30.76 | 34.02 | OK | |
r-release-linux-x86_64 | 1.6 | 2.93 | 30.91 | 33.84 | OK | |
r-release-macos-arm64 | 1.6 | 21.00 | OK | |||
r-release-macos-x86_64 | 1.6 | 37.00 | OK | |||
r-release-windows-x86_64 | 1.6 | 4.00 | 56.00 | 60.00 | OK | |
r-oldrel-macos-arm64 | 1.6 | 19.00 | OK | |||
r-oldrel-macos-x86_64 | 1.6 | 30.00 | OK | |||
r-oldrel-windows-x86_64 | 1.6 | 3.00 | 62.00 | 65.00 | OK |
Version: 1.6
Check: CRAN incoming feasibility
Result: NOTE
Maintainer: ‘Willem Daniel Schutte <wd.schutte@nwu.ac.za>’
No Authors@R field in DESCRIPTION.
Please add one, modifying
Authors@R: person(given = c("Willem", "Daniel"),
family = "Schutte",
role = c("aut", "cre"),
email = "wd.schutte@nwu.ac.za")
as necessary.
Flavors: r-devel-linux-x86_64-debian-clang, r-devel-linux-x86_64-debian-gcc