Last updated on 2024-06-16 11:58:08 CEST.
Flavor | Version | Tinstall | Tcheck | Ttotal | Status | Flags |
---|---|---|---|---|---|---|
r-devel-linux-x86_64-debian-clang | 1.0.0 | 24.41 | 398.40 | 422.81 | OK | |
r-devel-linux-x86_64-debian-gcc | 1.0.0 | 22.21 | 294.01 | 316.22 | OK | |
r-devel-linux-x86_64-fedora-clang | 1.0.0 | 565.02 | OK | |||
r-devel-linux-x86_64-fedora-gcc | 1.0.0 | 512.74 | OK | |||
r-devel-windows-x86_64 | 1.0.0 | 23.00 | 327.00 | 350.00 | OK | |
r-patched-linux-x86_64 | 1.0.0 | 30.73 | 369.17 | 399.90 | OK | |
r-release-linux-x86_64 | 1.0.0 | 17.86 | 385.41 | 403.27 | OK | |
r-release-macos-arm64 | 1.0.0 | 164.00 | NOTE | |||
r-release-macos-x86_64 | 1.0.0 | 270.00 | NOTE | |||
r-release-windows-x86_64 | 1.0.0 | 24.00 | 309.00 | 333.00 | OK | |
r-oldrel-macos-arm64 | 1.0.0 | 163.00 | NOTE | |||
r-oldrel-macos-x86_64 | 1.0.0 | 390.00 | NOTE | |||
r-oldrel-windows-x86_64 | 1.0.0 | 34.00 | 387.00 | 421.00 | OK |
Version: 1.0.0
Check: installed package size
Result: NOTE
installed size is 5.5Mb
sub-directories of 1Mb or more:
data 4.8Mb
Flavors: r-release-macos-arm64, r-release-macos-x86_64, r-oldrel-macos-arm64, r-oldrel-macos-x86_64