Last updated on 2024-06-16 11:58:08 CEST.
Flavor | Version | Tinstall | Tcheck | Ttotal | Status | Flags |
---|---|---|---|---|---|---|
r-devel-linux-x86_64-debian-clang | 1.2 | 42.66 | 28.97 | 71.63 | NOTE | |
r-devel-linux-x86_64-debian-gcc | 1.2 | 27.28 | 22.98 | 50.26 | NOTE | |
r-devel-linux-x86_64-fedora-clang | 1.2 | 106.63 | NOTE | |||
r-devel-linux-x86_64-fedora-gcc | 1.2 | 99.14 | NOTE | |||
r-devel-windows-x86_64 | 1.2 | 33.00 | 95.00 | 128.00 | NOTE | |
r-patched-linux-x86_64 | 1.2 | 33.35 | 29.19 | 62.54 | NOTE | |
r-release-linux-x86_64 | 1.2 | 36.51 | 28.60 | 65.11 | NOTE | |
r-release-macos-arm64 | 1.2 | 25.00 | NOTE | |||
r-release-macos-x86_64 | 1.2 | 34.00 | NOTE | |||
r-release-windows-x86_64 | 1.2 | 32.00 | 66.00 | 98.00 | NOTE | |
r-oldrel-macos-arm64 | 1.2 | 27.00 | NOTE | |||
r-oldrel-macos-x86_64 | 1.2 | 43.00 | NOTE | |||
r-oldrel-windows-x86_64 | 1.2 | 41.00 | 73.00 | 114.00 | NOTE |
Version: 1.2
Check: C++ specification
Result: NOTE
Specified C++11: please drop specification unless essential
Flavors: r-devel-linux-x86_64-debian-clang, r-devel-linux-x86_64-debian-gcc, r-devel-linux-x86_64-fedora-clang, r-devel-linux-x86_64-fedora-gcc, r-devel-windows-x86_64, r-patched-linux-x86_64, r-release-linux-x86_64, r-release-macos-arm64, r-release-macos-x86_64, r-release-windows-x86_64, r-oldrel-macos-arm64, r-oldrel-macos-x86_64, r-oldrel-windows-x86_64