CRAN Package Check Results for Package SSsimple

Last updated on 2025-07-24 12:51:40 CEST.

Flavor Version Tinstall Tcheck Ttotal Status Flags
r-devel-linux-x86_64-debian-clang 0.6.6 2.37 37.98 40.35 NOTE
r-devel-linux-x86_64-debian-gcc 0.6.6 2.01 32.13 34.14 NOTE
r-devel-linux-x86_64-fedora-clang 0.6.6 61.83 OK
r-devel-linux-x86_64-fedora-gcc 0.6.6 74.28 OK
r-devel-windows-x86_64 0.6.6 4.00 80.00 84.00 OK
r-patched-linux-x86_64 0.6.6 2.50 38.06 40.56 OK
r-release-linux-x86_64 0.6.6 2.39 37.98 40.37 OK
r-release-macos-arm64 0.6.6 33.00 OK
r-release-macos-x86_64 0.6.6 59.00 OK
r-release-windows-x86_64 0.6.6 5.00 80.00 85.00 OK
r-oldrel-macos-arm64 0.6.6 29.00 OK
r-oldrel-macos-x86_64 0.6.6 51.00 OK
r-oldrel-windows-x86_64 0.6.6 5.00 88.00 93.00 OK

Check Details

Version: 0.6.6
Check: CRAN incoming feasibility
Result: NOTE Maintainer: ‘Dave Zes <zesdave@gmail.com>’ No Authors@R field in DESCRIPTION. Please add one, modifying Authors@R: person(given = "Dave", family = "Zes", role = c("aut", "cre"), email = "zesdave@gmail.com") as necessary. Flavors: r-devel-linux-x86_64-debian-clang, r-devel-linux-x86_64-debian-gcc