Last updated on 2025-07-28 12:50:19 CEST.
Flavor | Version | Tinstall | Tcheck | Ttotal | Status | Flags |
---|---|---|---|---|---|---|
r-devel-linux-x86_64-debian-clang | 1.1.0 | 4.28 | 37.03 | 41.31 | OK | |
r-devel-linux-x86_64-debian-gcc | 1.1.0 | 3.26 | 27.90 | 31.16 | OK | |
r-devel-linux-x86_64-fedora-clang | 1.1.0 | 66.17 | NOTE | |||
r-devel-linux-x86_64-fedora-gcc | 1.1.0 | 58.14 | NOTE | |||
r-devel-windows-x86_64 | 1.1.0 | 7.00 | 63.00 | 70.00 | OK | |
r-patched-linux-x86_64 | 1.1.0 | 5.00 | 33.75 | 38.75 | OK | |
r-release-linux-x86_64 | 1.1.0 | 4.01 | 33.62 | 37.63 | OK | |
r-release-macos-arm64 | 1.1.0 | 25.00 | OK | |||
r-release-macos-x86_64 | 1.1.0 | 36.00 | OK | |||
r-release-windows-x86_64 | 1.1.0 | 7.00 | 66.00 | 73.00 | OK | |
r-oldrel-macos-arm64 | 1.1.0 | 20.00 | OK | |||
r-oldrel-macos-x86_64 | 1.1.0 | 31.00 | OK | |||
r-oldrel-windows-x86_64 | 1.1.0 | 8.00 | 70.00 | 78.00 | OK |
Version: 1.1.0
Check: dependencies in R code
Result: NOTE
Namespace in Imports field not imported from: ‘prettymapr’
All declared Imports should be used.
Flavors: r-devel-linux-x86_64-fedora-clang, r-devel-linux-x86_64-fedora-gcc