Last updated on 2025-05-03 12:54:54 CEST.
Flavor | Version | Tinstall | Tcheck | Ttotal | Status | Flags |
---|---|---|---|---|---|---|
r-devel-linux-x86_64-debian-clang | 1.5-4 | 8.99 | 76.60 | 85.59 | NOTE | |
r-devel-linux-x86_64-debian-gcc | 1.5-4 | 6.78 | 55.56 | 62.34 | NOTE | |
r-devel-linux-x86_64-fedora-clang | 1.5-4 | 134.29 | OK | |||
r-devel-linux-x86_64-fedora-gcc | 1.5-4 | 141.73 | OK | |||
r-devel-windows-x86_64 | 1.5-4 | 11.00 | 110.00 | 121.00 | OK | --no-vignettes |
r-patched-linux-x86_64 | 1.5-4 | 9.45 | 72.47 | 81.92 | OK | |
r-release-linux-x86_64 | OK | |||||
r-release-macos-arm64 | 1.5-4 | 64.00 | OK | |||
r-release-macos-x86_64 | 1.5-4 | 143.00 | OK | |||
r-release-windows-x86_64 | 1.5-4 | 12.00 | 104.00 | 116.00 | OK | --no-vignettes |
r-oldrel-macos-arm64 | 1.5-4 | 57.00 | OK | |||
r-oldrel-macos-x86_64 | 1.5-4 | 81.00 | OK | |||
r-oldrel-windows-x86_64 | 1.5-4 | 14.00 | 103.00 | 117.00 | OK | --no-vignettes |
Version: 1.5-4
Check: CRAN incoming feasibility
Result: NOTE
Maintainer: ‘Giulio Barcaroli <gbarcaroli@gmail.com>’
No Authors@R field in DESCRIPTION.
Please add one, modifying
Authors@R: c(person(given = "Giulio",
family = "Barcaroli",
role = c("aut", "cre"),
email = "gbarcaroli@gmail.com"),
person(given = "Marco",
family = "Ballin",
role = "aut"),
person(given = "Hanjo",
family = "Odendaal",
role = "aut"),
person(given = "Daniela",
family = "Pagliuca",
role = "aut"),
person(given = "Egon",
family = "Willighagen",
role = "aut"),
person(given = "Diego",
family = "Zardetto",
role = "aut"))
as necessary.
Package CITATION file contains call(s) to old-style personList() or
as.personList(). Please use c() on person objects instead.
Package CITATION file contains call(s) to old-style citEntry(). Please
use bibentry() instead.
The Description field contains
'genalg' package. M.Ballin, G.Barcaroli (2020) <arXiv:2004.09366> "R
Please refer to arXiv e-prints via their arXiv DOI <doi:10.48550/arXiv.YYMM.NNNNN>.
Flavors: r-devel-linux-x86_64-debian-clang, r-devel-linux-x86_64-debian-gcc