Last updated on 2025-05-03 21:51:31 CEST.
Flavor | Version | Tinstall | Tcheck | Ttotal | Status | Flags |
---|---|---|---|---|---|---|
r-devel-linux-x86_64-debian-clang | 0.5.5 | 2.63 | 19.40 | 22.03 | NOTE | |
r-devel-linux-x86_64-debian-gcc | 0.5.5 | 2.08 | 16.72 | 18.80 | NOTE | |
r-devel-linux-x86_64-fedora-clang | 0.5.5 | 34.23 | OK | |||
r-devel-linux-x86_64-fedora-gcc | 0.5.5 | 33.57 | OK | |||
r-devel-windows-x86_64 | 0.5.5 | 6.00 | 43.00 | 49.00 | OK | |
r-patched-linux-x86_64 | 0.5.5 | 2.51 | 19.03 | 21.54 | OK | |
r-release-linux-x86_64 | OK | |||||
r-release-macos-arm64 | 0.5.5 | 17.00 | OK | |||
r-release-macos-x86_64 | 0.5.5 | 28.00 | OK | |||
r-release-windows-x86_64 | 0.5.5 | 6.00 | 44.00 | 50.00 | OK | |
r-oldrel-macos-arm64 | 0.5.5 | 20.00 | OK | |||
r-oldrel-macos-x86_64 | 0.5.5 | 34.00 | OK | |||
r-oldrel-windows-x86_64 | 0.5.5 | 6.00 | 42.00 | 48.00 | OK |
Version: 0.5.5
Check: CRAN incoming feasibility
Result: NOTE
Maintainer: ‘Gabriel Becker <gabembecker@gmail.com>’
No Authors@R field in DESCRIPTION.
Please add one, modifying
Authors@R: person(given = "Gabriel",
family = "Becker",
role = c("aut", "cre"),
email = "gabembecker@gmail.com")
as necessary.
Flavors: r-devel-linux-x86_64-debian-clang, r-devel-linux-x86_64-debian-gcc