Last updated on 2025-05-05 21:51:17 CEST.
Flavor | Version | Tinstall | Tcheck | Ttotal | Status | Flags |
---|---|---|---|---|---|---|
r-devel-linux-x86_64-debian-clang | 1.2 | 2.04 | 23.55 | 25.59 | NOTE | |
r-devel-linux-x86_64-debian-gcc | 1.2 | 1.96 | 19.67 | 21.63 | NOTE | |
r-devel-linux-x86_64-fedora-clang | 1.2 | 43.19 | OK | |||
r-devel-linux-x86_64-fedora-gcc | 1.2 | 38.16 | OK | |||
r-devel-windows-x86_64 | 1.2 | 4.00 | 51.00 | 55.00 | OK | |
r-patched-linux-x86_64 | 1.2 | 2.51 | 22.89 | 25.40 | OK | |
r-release-linux-x86_64 | 1.2 | 2.42 | 22.63 | 25.05 | OK | |
r-release-macos-arm64 | 1.2 | 21.00 | OK | |||
r-release-macos-x86_64 | 1.2 | 30.00 | OK | |||
r-release-windows-x86_64 | 1.2 | 3.00 | 51.00 | 54.00 | OK | |
r-oldrel-macos-arm64 | 1.2 | 17.00 | OK | |||
r-oldrel-macos-x86_64 | 1.2 | 26.00 | OK | |||
r-oldrel-windows-x86_64 | 1.2 | 4.00 | 54.00 | 58.00 | OK |
Version: 1.2
Check: CRAN incoming feasibility
Result: NOTE
Maintainer: ‘Eleni Ioanna Delatola <eldelatola@yahoo.gr>’
No Authors@R field in DESCRIPTION.
Please add one, modifying
Authors@R: c(person(given = c("Eleni", "Ioanna"),
family = "Delatola",
role = c("aut", "cre"),
email = "eldelatola@yahoo.gr"),
person(given = "Emilie",
family = "Lebarbier",
role = "aut"),
person(given = "Tristan",
family = "Mary-Huard",
role = "aut"),
person(given = "Francois",
family = "Radvanyi",
role = "aut"),
person(given = "Stephane",
family = "Robin",
role = "aut"),
person(given = "Jennifer",
family = "Wong",
role = "aut"))
as necessary.
Flavors: r-devel-linux-x86_64-debian-clang, r-devel-linux-x86_64-debian-gcc