Last updated on 2025-05-03 12:54:54 CEST.
Flavor | Version | Tinstall | Tcheck | Ttotal | Status | Flags |
---|---|---|---|---|---|---|
r-devel-linux-x86_64-debian-clang | 0.2.0 | 4.45 | 32.10 | 36.55 | NOTE | |
r-devel-linux-x86_64-debian-gcc | 0.2.0 | 3.77 | 26.68 | 30.45 | NOTE | |
r-devel-linux-x86_64-fedora-clang | 0.2.0 | 57.50 | NOTE | |||
r-devel-linux-x86_64-fedora-gcc | 0.2.0 | 69.98 | NOTE | |||
r-devel-windows-x86_64 | 0.2.0 | 7.00 | 59.00 | 66.00 | NOTE | |
r-patched-linux-x86_64 | 0.2.0 | 5.11 | 30.77 | 35.88 | NOTE | |
r-release-linux-x86_64 | NOTE | |||||
r-release-macos-arm64 | 0.2.0 | 30.00 | NOTE | |||
r-release-macos-x86_64 | 0.2.0 | 53.00 | NOTE | |||
r-release-windows-x86_64 | 0.2.0 | 6.00 | 60.00 | 66.00 | NOTE | |
r-oldrel-macos-arm64 | 0.2.0 | 30.00 | NOTE | |||
r-oldrel-macos-x86_64 | 0.2.0 | 42.00 | NOTE | |||
r-oldrel-windows-x86_64 | 0.2.0 | 7.00 | 68.00 | 75.00 | NOTE |
Version: 0.2.0
Check: CRAN incoming feasibility
Result: NOTE
Maintainer: ‘Alexander P. Christensen <alexpaulchristensen@gmail.com>’
Problems when reading CITATION file:
It is recommended to use ‘given’ instead of ‘middle’.
Flavors: r-devel-linux-x86_64-debian-clang, r-devel-linux-x86_64-debian-gcc
Version: 0.2.0
Check: Rd files
Result: NOTE
checkRd: (-1) append.dictionary.Rd:33: Lost braces in \itemize; meant \describe ?
checkRd: (-1) append.dictionary.Rd:36-37: Lost braces in \itemize; meant \describe ?
checkRd: (-1) append.dictionary.Rd:40-41: Lost braces in \itemize; meant \describe ?
checkRd: (-1) append.dictionary.Rd:44-47: Lost braces in \itemize; meant \describe ?
checkRd: (-1) append.dictionary.Rd:89-92: Lost braces in \itemize; meant \describe ?
checkRd: (-1) append.dictionary.Rd:95-98: Lost braces in \itemize; meant \describe ?
checkRd: (-1) append.dictionary.Rd:107: Lost braces in \itemize; meant \describe ?
checkRd: (-1) append.dictionary.Rd:110: Lost braces in \itemize; meant \describe ?
checkRd: (-1) append.dictionary.Rd:113: Lost braces in \itemize; meant \describe ?
Flavors: r-devel-linux-x86_64-debian-clang, r-devel-linux-x86_64-debian-gcc, r-devel-linux-x86_64-fedora-clang, r-devel-linux-x86_64-fedora-gcc, r-devel-windows-x86_64, r-patched-linux-x86_64, r-release-linux-x86_64, r-release-macos-arm64, r-release-macos-x86_64, r-release-windows-x86_64, r-oldrel-macos-arm64, r-oldrel-macos-x86_64, r-oldrel-windows-x86_64
Version: 0.2.0
Check: dependencies in R code
Result: NOTE
Namespace in Imports field not imported from: ‘knitr’
All declared Imports should be used.
Flavors: r-devel-linux-x86_64-fedora-clang, r-devel-linux-x86_64-fedora-gcc