Last updated on 2025-05-03 21:51:32 CEST.
Flavor | Version | Tinstall | Tcheck | Ttotal | Status | Flags |
---|---|---|---|---|---|---|
r-devel-linux-x86_64-debian-clang | 1.0.7 | 54.41 | 68.75 | 123.16 | NOTE | |
r-devel-linux-x86_64-debian-gcc | 1.0.7 | 36.62 | 50.06 | 86.68 | NOTE | |
r-devel-linux-x86_64-fedora-clang | 1.0.7 | 206.71 | NOTE | |||
r-devel-linux-x86_64-fedora-gcc | 1.0.7 | 236.47 | NOTE | |||
r-devel-windows-x86_64 | 1.0.7 | 58.00 | 122.00 | 180.00 | NOTE | |
r-patched-linux-x86_64 | 1.0.7 | 50.28 | 63.45 | 113.73 | NOTE | |
r-release-linux-x86_64 | NOTE | |||||
r-release-macos-arm64 | 1.0.7 | 59.00 | NOTE | |||
r-release-macos-x86_64 | 1.0.7 | 104.00 | NOTE | |||
r-release-windows-x86_64 | 1.0.7 | 57.00 | 117.00 | 174.00 | NOTE | |
r-oldrel-macos-arm64 | 1.0.7 | 59.00 | NOTE | |||
r-oldrel-macos-x86_64 | 1.0.7 | 89.00 | NOTE | |||
r-oldrel-windows-x86_64 | 1.0.7 | 68.00 | 141.00 | 209.00 | NOTE |
Version: 1.0.7
Check: CRAN incoming feasibility
Result: NOTE
Maintainer: ‘Dalibor Krleža <dalibor.krleza@fer.hr>’
No Authors@R field in DESCRIPTION.
Please add one, modifying
Authors@R: person(given = "Dalibor",
family = "Krleža",
role = c("aut", "cre"),
email = "dalibor.krleza@fer.hr")
as necessary.
Flavors: r-devel-linux-x86_64-debian-clang, r-devel-linux-x86_64-debian-gcc
Version: 1.0.7
Check: C++ specification
Result: NOTE
Specified C++14: please drop specification unless essential
Flavors: r-devel-linux-x86_64-debian-clang, r-devel-linux-x86_64-debian-gcc, r-devel-linux-x86_64-fedora-clang, r-devel-linux-x86_64-fedora-gcc, r-devel-windows-x86_64, r-patched-linux-x86_64, r-release-linux-x86_64, r-release-macos-arm64, r-release-macos-x86_64, r-release-windows-x86_64, r-oldrel-macos-arm64, r-oldrel-macos-x86_64, r-oldrel-windows-x86_64
Version: 1.0.7
Check: Rd files
Result: NOTE
checkRd: (-1) process,HybridSequenceClassifier-method.Rd:24: Lost braces in \itemize; \value handles \item{}{} directly
checkRd: (-1) process,HybridSequenceClassifier-method.Rd:28: Lost braces in \itemize; \value handles \item{}{} directly
checkRd: (-1) process,HybridSequenceClassifier-method.Rd:32: Lost braces in \itemize; \value handles \item{}{} directly
Flavors: r-devel-linux-x86_64-debian-clang, r-devel-linux-x86_64-debian-gcc, r-devel-linux-x86_64-fedora-clang, r-devel-linux-x86_64-fedora-gcc, r-devel-windows-x86_64, r-patched-linux-x86_64, r-release-linux-x86_64, r-release-macos-arm64, r-release-macos-x86_64, r-release-windows-x86_64, r-oldrel-macos-arm64, r-oldrel-macos-x86_64, r-oldrel-windows-x86_64
Version: 1.0.7
Check: installed package size
Result: NOTE
installed size is 9.3Mb
sub-directories of 1Mb or more:
libs 8.0Mb
Flavors: r-oldrel-macos-arm64, r-oldrel-macos-x86_64