Last updated on 2025-05-03 21:51:32 CEST.
Flavor | Version | Tinstall | Tcheck | Ttotal | Status | Flags |
---|---|---|---|---|---|---|
r-devel-linux-x86_64-debian-clang | 0.0.8 | 18.12 | 40.93 | 59.05 | NOTE | |
r-devel-linux-x86_64-debian-gcc | 0.0.8 | 13.90 | 30.64 | 44.54 | NOTE | |
r-devel-linux-x86_64-fedora-clang | 0.0.8 | 107.59 | OK | |||
r-devel-linux-x86_64-fedora-gcc | 0.0.8 | 118.11 | OK | |||
r-devel-windows-x86_64 | 0.0.8 | 29.00 | 86.00 | 115.00 | OK | |
r-patched-linux-x86_64 | 0.0.8 | 19.26 | 38.50 | 57.76 | OK | |
r-release-linux-x86_64 | OK | |||||
r-release-macos-arm64 | 0.0.8 | 47.00 | OK | |||
r-release-macos-x86_64 | 0.0.8 | 63.00 | OK | |||
r-release-windows-x86_64 | 0.0.8 | 28.00 | 86.00 | 114.00 | OK | |
r-oldrel-macos-arm64 | 0.0.8 | 41.00 | OK | |||
r-oldrel-macos-x86_64 | 0.0.8 | 54.00 | OK | |||
r-oldrel-windows-x86_64 | 0.0.8 | 32.00 | 103.00 | 135.00 | NOTE |
Version: 0.0.8
Check: CRAN incoming feasibility
Result: NOTE
Maintainer: ‘Paul C. Boutros <pboutros@mednet.ucla.edu>’
No Authors@R field in DESCRIPTION.
Please add one, modifying
Authors@R: c(person(given = "Fouad",
family = "Yousif",
role = "aut"),
person(given = "Xihui",
family = "Lin",
role = "aut"),
person(given = "Fan",
family = "Fan",
role = "aut"),
person(given = "Christopher",
family = "Lalansingh",
role = "aut"),
person(given = "John",
family = "Macdonald",
role = "aut"),
person(given = c("Paul", "C."),
family = "Boutros",
role = "cre",
email = "pboutros@mednet.ucla.edu"))
as necessary.
Flavors: r-devel-linux-x86_64-debian-clang, r-devel-linux-x86_64-debian-gcc
Version: 0.0.8
Check: package dependencies
Result: NOTE
Package suggested but not available for checking: 'doMC'
Flavor: r-oldrel-windows-x86_64