Last updated on 2025-05-03 12:54:55 CEST.
Flavor | Version | Tinstall | Tcheck | Ttotal | Status | Flags |
---|---|---|---|---|---|---|
r-devel-linux-x86_64-debian-clang | 0.4.0 | 4.23 | 43.14 | 47.37 | NOTE | |
r-devel-linux-x86_64-debian-gcc | 0.4.0 | 2.92 | 30.82 | 33.74 | NOTE | |
r-devel-linux-x86_64-fedora-clang | 0.4.0 | 74.16 | NOTE | |||
r-devel-linux-x86_64-fedora-gcc | 0.4.0 | 75.77 | NOTE | |||
r-devel-windows-x86_64 | 0.4.0 | 10.00 | 67.00 | 77.00 | NOTE | |
r-patched-linux-x86_64 | 0.4.0 | 4.62 | 40.94 | 45.56 | NOTE | |
r-release-linux-x86_64 | NOTE | |||||
r-release-macos-arm64 | 0.4.0 | 27.00 | NOTE | |||
r-release-macos-x86_64 | 0.4.0 | 45.00 | NOTE | |||
r-release-windows-x86_64 | 0.4.0 | 10.00 | 69.00 | 79.00 | NOTE | |
r-oldrel-macos-arm64 | 0.4.0 | 26.00 | NOTE | |||
r-oldrel-macos-x86_64 | 0.4.0 | 36.00 | NOTE | |||
r-oldrel-windows-x86_64 | 0.4.0 | 8.00 | 76.00 | 84.00 | NOTE |
Version: 0.4.0
Check: Rd files
Result: NOTE
checkRd: (-1) age_corr.Rd:15: Lost braces
15 | \item{plot}{Should the results be plotted? (/code{TRUE/FALSE})}
| ^
checkRd: (-1) age_corr.Rd:17: Lost braces
17 | \item{agecorrection}{Correct for jumps in age (/code{TRUE}) or
| ^
checkRd: (-1) age_corr.Rd:18: Lost braces
18 | only for starting time (/code{FALSE})}
| ^
Flavors: r-devel-linux-x86_64-debian-clang, r-devel-linux-x86_64-debian-gcc, r-devel-linux-x86_64-fedora-clang, r-devel-linux-x86_64-fedora-gcc, r-devel-windows-x86_64, r-patched-linux-x86_64, r-release-linux-x86_64, r-release-macos-arm64, r-release-macos-x86_64, r-release-windows-x86_64, r-oldrel-macos-arm64, r-oldrel-macos-x86_64, r-oldrel-windows-x86_64