Last updated on 2025-05-06 06:50:08 CEST.
Flavor | Version | Tinstall | Tcheck | Ttotal | Status | Flags |
---|---|---|---|---|---|---|
r-devel-linux-x86_64-debian-clang | 4.3 | 2.73 | 26.31 | 29.04 | NOTE | |
r-devel-linux-x86_64-debian-gcc | 4.3 | 1.95 | 20.87 | 22.82 | NOTE | |
r-devel-linux-x86_64-fedora-clang | 4.3 | 45.12 | OK | |||
r-devel-linux-x86_64-fedora-gcc | 4.3 | 42.99 | OK | |||
r-devel-windows-x86_64 | 4.3 | 5.00 | 51.00 | 56.00 | OK | |
r-patched-linux-x86_64 | 4.3 | 2.72 | 25.28 | 28.00 | OK | |
r-release-linux-x86_64 | 4.3 | 2.63 | 25.16 | 27.79 | OK | |
r-release-macos-arm64 | 4.3 | 21.00 | OK | |||
r-release-macos-x86_64 | 4.3 | 35.00 | OK | |||
r-release-windows-x86_64 | 4.3 | 5.00 | 52.00 | 57.00 | OK | |
r-oldrel-macos-arm64 | 4.3 | 19.00 | OK | |||
r-oldrel-macos-x86_64 | 4.3 | 26.00 | OK | |||
r-oldrel-windows-x86_64 | 4.3 | 6.00 | 55.00 | 61.00 | OK |
Version: 4.3
Check: CRAN incoming feasibility
Result: NOTE
Maintainer: ‘Adriano Zanin Zambom <adriano.zambom@csun.edu>’
No Authors@R field in DESCRIPTION.
Please add one, modifying
Authors@R: c(person(given = "Jongwook",
family = "Kim",
role = "aut"),
person(given = c("Adriano", "Zanin"),
family = "Zambom",
role = c("aut", "cre"),
email = "adriano.zambom@csun.edu"))
as necessary.
Flavors: r-devel-linux-x86_64-debian-clang, r-devel-linux-x86_64-debian-gcc