Last updated on 2025-05-04 03:51:06 CEST.
Flavor | Version | Tinstall | Tcheck | Ttotal | Status | Flags |
---|---|---|---|---|---|---|
r-devel-linux-x86_64-debian-clang | 0.4-2 | 3.50 | 41.59 | 45.09 | NOTE | |
r-devel-linux-x86_64-debian-gcc | 0.4-2 | 2.00 | 30.68 | 32.68 | NOTE | |
r-devel-linux-x86_64-fedora-clang | 0.4-2 | 72.23 | OK | |||
r-devel-linux-x86_64-fedora-gcc | 0.4-2 | 70.21 | OK | |||
r-devel-windows-x86_64 | 0.4-2 | 4.00 | 76.00 | 80.00 | OK | |
r-patched-linux-x86_64 | 0.4-2 | 4.36 | 39.51 | 43.87 | OK | |
r-release-linux-x86_64 | OK | |||||
r-release-macos-arm64 | 0.4-2 | 27.00 | OK | |||
r-release-macos-x86_64 | 0.4-2 | 42.00 | OK | |||
r-release-windows-x86_64 | 0.4-2 | 5.00 | 65.00 | 70.00 | OK | |
r-oldrel-macos-arm64 | 0.4-2 | 23.00 | OK | |||
r-oldrel-macos-x86_64 | 0.4-2 | 35.00 | OK | |||
r-oldrel-windows-x86_64 | 0.4-2 | 6.00 | 70.00 | 76.00 | OK |
Version: 0.4-2
Check: CRAN incoming feasibility
Result: NOTE
Maintainer: ‘David Scott <d.scott@auckland.ac.nz>’
No Authors@R field in DESCRIPTION.
Please add one, modifying
Authors@R: c(person(given = "David",
family = "Scott",
role = c("aut", "cre"),
email = "d.scott@auckland.ac.nz"),
person(given = "Fiona",
family = "Grimson",
role = "aut"))
as necessary.
Flavors: r-devel-linux-x86_64-debian-clang, r-devel-linux-x86_64-debian-gcc