Last updated on 2025-05-03 21:51:32 CEST.
Flavor | Version | Tinstall | Tcheck | Ttotal | Status | Flags |
---|---|---|---|---|---|---|
r-devel-linux-x86_64-debian-clang | 2.0-7 | 4.07 | 218.50 | 222.57 | NOTE | |
r-devel-linux-x86_64-debian-gcc | 2.0-7 | 2.86 | 161.76 | 164.62 | NOTE | |
r-devel-linux-x86_64-fedora-clang | 2.0-7 | 344.12 | OK | |||
r-devel-linux-x86_64-fedora-gcc | 2.0-7 | 357.54 | OK | |||
r-devel-windows-x86_64 | 2.0-7 | 6.00 | 393.00 | 399.00 | OK | |
r-patched-linux-x86_64 | 2.0-7 | 6.15 | 213.89 | 220.04 | OK | |
r-release-linux-x86_64 | OK | |||||
r-release-macos-arm64 | 2.0-7 | 139.00 | OK | |||
r-release-macos-x86_64 | 2.0-7 | 301.00 | OK | |||
r-release-windows-x86_64 | 2.0-7 | 6.00 | 395.00 | 401.00 | OK | |
r-oldrel-macos-arm64 | 2.0-7 | 114.00 | NOTE | |||
r-oldrel-macos-x86_64 | 2.0-7 | 325.00 | NOTE | |||
r-oldrel-windows-x86_64 | 2.0-7 | 8.00 | 573.00 | 581.00 | NOTE |
Version: 2.0-7
Check: CRAN incoming feasibility
Result: NOTE
Maintainer: ‘Berwin A Turlach <Berwin.Turlach@gmail.com>’
No Authors@R field in DESCRIPTION.
Please add one, modifying
Authors@R: c(person(given = c("Original", "by", "F.L."),
family = "Ramsey",
role = "aut"),
person(given = c("D.W.", "Schafer;", "modifications", "by", "Daniel", "W."),
family = "Schafer",
role = "aut"),
person(given = "Jeannie",
family = "Sifneos",
role = "aut"),
person(given = c("Berwin", "A.", "Turlach;", "vignettes", "contributed", "by", "Nicholas"),
family = "Horton",
role = "aut"),
person(given = "Kate",
family = "Aloisio",
role = "aut"),
person(given = "Ruobing",
family = "Zhang",
role = "aut"),
person(given = c("with", "corrections", "by", "Randall"),
family = "Pruim",
role = "aut"),
person(given = c("Berwin", "A"),
family = "Turlach",
role = "cre",
email = "Berwin.Turlach@gmail.com"))
as necessary.
Flavors: r-devel-linux-x86_64-debian-clang, r-devel-linux-x86_64-debian-gcc
Version: 2.0-7
Check: installed package size
Result: NOTE
installed size is 5.1Mb
sub-directories of 1Mb or more:
doc 4.4Mb
Flavors: r-oldrel-macos-arm64, r-oldrel-macos-x86_64, r-oldrel-windows-x86_64