CRAN Package Check Results for Package Sleuth3

Last updated on 2025-05-03 21:51:32 CEST.

Flavor Version Tinstall Tcheck Ttotal Status Flags
r-devel-linux-x86_64-debian-clang 1.0-6 4.63 239.04 243.67 NOTE
r-devel-linux-x86_64-debian-gcc 1.0-6 3.74 173.89 177.63 NOTE
r-devel-linux-x86_64-fedora-clang 1.0-6 379.53 OK
r-devel-linux-x86_64-fedora-gcc 1.0-6 387.91 OK
r-devel-windows-x86_64 1.0-6 8.00 443.00 451.00 OK
r-patched-linux-x86_64 1.0-6 7.61 226.43 234.04 OK
r-release-linux-x86_64 OK
r-release-macos-arm64 1.0-6 146.00 OK
r-release-macos-x86_64 1.0-6 315.00 OK
r-release-windows-x86_64 1.0-6 7.00 448.00 455.00 OK
r-oldrel-macos-arm64 1.0-6 120.00 NOTE
r-oldrel-macos-x86_64 1.0-6 349.00 NOTE
r-oldrel-windows-x86_64 1.0-6 9.00 614.00 623.00 NOTE

Check Details

Version: 1.0-6
Check: CRAN incoming feasibility
Result: NOTE Maintainer: ‘Berwin A Turlach <Berwin.Turlach@gmail.com>’ No Authors@R field in DESCRIPTION. Please add one, modifying Authors@R: c(person(given = c("Original", "by", "F.L."), family = "Ramsey", role = "aut"), person(given = c("D.W.", "Schafer;", "modifications", "by", "Daniel", "W."), family = "Schafer", role = "aut"), person(given = "Jeannie", family = "Sifneos", role = "aut"), person(given = c("Berwin", "A.", "Turlach;", "vignettes", "contributed", "by", "Nicholas"), family = "Horton", role = "aut"), person(given = "Linda", family = "Loi", role = "aut"), person(given = "Kate", family = "Aloisio", role = "aut"), person(given = "Ruobing", family = "Zhang", role = "aut"), person(given = c("with", "corrections", "by", "Randall"), family = "Pruim", role = "aut"), person(given = c("Berwin", "A"), family = "Turlach", role = "cre", email = "Berwin.Turlach@gmail.com")) as necessary. Flavors: r-devel-linux-x86_64-debian-clang, r-devel-linux-x86_64-debian-gcc

Version: 1.0-6
Check: installed package size
Result: NOTE installed size is 5.9Mb sub-directories of 1Mb or more: doc 4.5Mb Flavors: r-oldrel-macos-arm64, r-oldrel-macos-x86_64, r-oldrel-windows-x86_64