Last updated on 2025-05-06 03:51:17 CEST.
Flavor | Version | Tinstall | Tcheck | Ttotal | Status | Flags |
---|---|---|---|---|---|---|
r-devel-linux-x86_64-debian-clang | 1.6.2 | 39.66 | 80.58 | 120.24 | NOTE | |
r-devel-linux-x86_64-debian-gcc | 1.6.2 | 31.26 | 62.78 | 94.04 | NOTE | |
r-devel-linux-x86_64-fedora-clang | 1.6.2 | 194.01 | NOTE | |||
r-devel-linux-x86_64-fedora-gcc | 1.6.2 | 204.17 | NOTE | |||
r-devel-windows-x86_64 | 1.6.2 | 42.00 | 105.00 | 147.00 | OK | |
r-patched-linux-x86_64 | 1.6.2 | 36.03 | 81.05 | 117.08 | OK | |
r-release-linux-x86_64 | 1.6.2 | 34.60 | 81.36 | 115.96 | OK | |
r-release-macos-arm64 | 1.6.2 | 98.00 | OK | |||
r-release-macos-x86_64 | 1.6.2 | 123.00 | OK | |||
r-release-windows-x86_64 | 1.6.2 | 40.00 | 109.00 | 149.00 | OK | |
r-oldrel-macos-arm64 | 1.6.2 | 57.00 | NOTE | |||
r-oldrel-macos-x86_64 | 1.6.2 | 86.00 | NOTE | |||
r-oldrel-windows-x86_64 | 1.6.2 | 48.00 | 132.00 | 180.00 | NOTE |
Version: 1.6.2
Check: CRAN incoming feasibility
Result: NOTE
Maintainer: ‘Alencar Xavier <alenxav@gmail.com>’
No Authors@R field in DESCRIPTION.
Please add one, modifying
Authors@R: c(person(given = "Alencar",
family = "Xavier",
role = c("aut", "cre"),
email = "alenxav@gmail.com"),
person(given = "William",
family = "Beavis",
role = "aut"),
person(given = "James",
family = "Specht",
role = "aut"),
person(given = "Brian",
family = "Diers",
role = "aut"),
person(given = "Rouf",
family = "Mian",
role = "aut"),
person(given = "Reka",
family = "Howard",
role = "aut"),
person(given = "George",
family = "Graef",
role = "aut"),
person(given = "Randall",
family = "Nelson",
role = "aut"),
person(given = "William",
family = "Schapaugh",
role = "aut"),
person(given = "Dechun",
family = "Wang",
role = "aut"),
person(given = "Grover",
family = "Shannon",
role = "aut"),
person(given = "Leah",
family = "McHale",
role = "aut"),
person(given = "Perry",
family = "Cregan",
role = "aut"),
person(given = "Qijian",
family = "Song",
role = "aut"),
person(given = "Miguel",
family = "Lopez",
role = "aut"),
person(given = "William",
family = "Muir",
role = "aut"),
person(given = "Katy",
family = "Rainey.",
role = "aut"))
as necessary.
Flavors: r-devel-linux-x86_64-debian-clang, r-devel-linux-x86_64-debian-gcc
Version: 1.6.2
Check: dependencies in R code
Result: NOTE
Namespace in Imports field not imported from: ‘RcppEigen’
All declared Imports should be used.
Flavors: r-devel-linux-x86_64-fedora-clang, r-devel-linux-x86_64-fedora-gcc
Version: 1.6.2
Check: installed package size
Result: NOTE
installed size is 19.1Mb
sub-directories of 1Mb or more:
data 4.7Mb
libs 14.3Mb
Flavors: r-oldrel-macos-arm64, r-oldrel-macos-x86_64, r-oldrel-windows-x86_64