Last updated on 2025-05-05 21:51:18 CEST.
Flavor | Version | Tinstall | Tcheck | Ttotal | Status | Flags |
---|---|---|---|---|---|---|
r-devel-linux-x86_64-debian-clang | 0.4.1 | 27.61 | 33.36 | 60.97 | NOTE | |
r-devel-linux-x86_64-debian-gcc | 0.4.1 | 23.00 | 27.19 | 50.19 | WARN | |
r-devel-linux-x86_64-fedora-clang | 0.4.1 | 96.89 | NOTE | |||
r-devel-linux-x86_64-fedora-gcc | 0.4.1 | 122.41 | NOTE | |||
r-devel-windows-x86_64 | 0.4.1 | 29.00 | 74.00 | 103.00 | WARN | |
r-patched-linux-x86_64 | 0.4.1 | 30.81 | 31.74 | 62.55 | NOTE | |
r-release-linux-x86_64 | 0.4.1 | 32.50 | 31.20 | 63.70 | NOTE | |
r-release-macos-arm64 | 0.4.1 | NOTE | ||||
r-release-macos-x86_64 | 0.4.1 | 69.00 | NOTE | |||
r-release-windows-x86_64 | 0.4.1 | 31.00 | 78.00 | 109.00 | NOTE | |
r-oldrel-macos-arm64 | 0.4.1 | 32.00 | NOTE | |||
r-oldrel-macos-x86_64 | 0.4.1 | 49.00 | NOTE | |||
r-oldrel-windows-x86_64 | 0.4.1 | 30.00 | 89.00 | 119.00 | NOTE |
Version: 0.4.1
Check: C++ specification
Result: NOTE
Specified C++11: please drop specification unless essential
Flavors: r-devel-linux-x86_64-debian-clang, r-devel-linux-x86_64-debian-gcc, r-devel-linux-x86_64-fedora-clang, r-devel-linux-x86_64-fedora-gcc, r-devel-windows-x86_64, r-patched-linux-x86_64, r-release-linux-x86_64, r-release-macos-arm64, r-release-macos-x86_64, r-release-windows-x86_64, r-oldrel-macos-arm64, r-oldrel-macos-x86_64, r-oldrel-windows-x86_64
Version: 0.4.1
Check: Rd files
Result: NOTE
checkRd: (-1) CompareAll-function.rd:27: Lost braces in \itemize; meant \describe ?
checkRd: (-1) CompareAll-function.rd:28: Lost braces in \itemize; meant \describe ?
checkRd: (-1) CompareAll-function.rd:69: Lost braces in \itemize; \value handles \item{}{} directly
checkRd: (-1) CompareAll-function.rd:70: Lost braces in \itemize; \value handles \item{}{} directly
checkRd: (-1) CompareAll-function.rd:71: Lost braces in \itemize; \value handles \item{}{} directly
checkRd: (-1) CompareAll-function.rd:72: Lost braces in \itemize; \value handles \item{}{} directly
checkRd: (-1) CompareAll-function.rd:73: Lost braces in \itemize; \value handles \item{}{} directly
checkRd: (-1) CompareAll-function.rd:74: Lost braces in \itemize; \value handles \item{}{} directly
checkRd: (-1) CompareOneToMany-function.rd:27: Lost braces in \itemize; meant \describe ?
checkRd: (-1) CompareOneToMany-function.rd:28: Lost braces in \itemize; meant \describe ?
checkRd: (-1) CompareOneToMany-function.rd:34: Lost braces in \itemize; meant \describe ?
checkRd: (-1) CompareOneToMany-function.rd:35: Lost braces in \itemize; meant \describe ?
checkRd: (-1) CompareOneToMany-function.rd:74: Lost braces in \itemize; \value handles \item{}{} directly
checkRd: (-1) CompareOneToMany-function.rd:75: Lost braces in \itemize; \value handles \item{}{} directly
checkRd: (-1) CompareOneToMany-function.rd:76: Lost braces in \itemize; \value handles \item{}{} directly
checkRd: (-1) CompareOneToMany-function.rd:77: Lost braces in \itemize; \value handles \item{}{} directly
checkRd: (-1) CompareOneToMany-function.rd:78: Lost braces in \itemize; \value handles \item{}{} directly
checkRd: (-1) CompareOneToMany-function.rd:79: Lost braces in \itemize; \value handles \item{}{} directly
checkRd: (-1) CompareOneToOne-function.rd:27: Lost braces in \itemize; meant \describe ?
checkRd: (-1) CompareOneToOne-function.rd:28: Lost braces in \itemize; meant \describe ?
checkRd: (-1) CompareOneToOne-function.rd:34: Lost braces in \itemize; meant \describe ?
checkRd: (-1) CompareOneToOne-function.rd:35: Lost braces in \itemize; meant \describe ?
checkRd: (-1) CompareOneToOne-function.rd:89: Lost braces in \itemize; \value handles \item{}{} directly
checkRd: (-1) CompareOneToOne-function.rd:90: Lost braces in \itemize; \value handles \item{}{} directly
checkRd: (-1) CompareOneToOne-function.rd:91: Lost braces in \itemize; \value handles \item{}{} directly
checkRd: (-1) CompareOneToOne-function.rd:92: Lost braces in \itemize; \value handles \item{}{} directly
checkRd: (-1) CompareOneToOne-function.rd:93: Lost braces in \itemize; \value handles \item{}{} directly
checkRd: (-1) CompareOneToOne-function.rd:94: Lost braces in \itemize; \value handles \item{}{} directly
checkRd: (-1) FocusArea-function.rd:36: Lost braces in \itemize; meant \describe ?
checkRd: (-1) FocusArea-function.rd:37: Lost braces in \itemize; meant \describe ?
checkRd: (-1) FocusArea-function.rd:43: Lost braces in \itemize; meant \describe ?
checkRd: (-1) FocusArea-function.rd:44: Lost braces in \itemize; meant \describe ?
checkRd: (-1) FocusArea-function.rd:82: Lost braces in \itemize; \value handles \item{}{} directly
checkRd: (-1) FocusArea-function.rd:83: Lost braces in \itemize; \value handles \item{}{} directly
checkRd: (-1) FocusArea-function.rd:84: Lost braces in \itemize; \value handles \item{}{} directly
checkRd: (-1) FocusArea-function.rd:85: Lost braces in \itemize; \value handles \item{}{} directly
checkRd: (-1) FocusArea-function.rd:86: Lost braces in \itemize; \value handles \item{}{} directly
checkRd: (-1) FocusArea-function.rd:87: Lost braces in \itemize; \value handles \item{}{} directly
Flavors: r-devel-linux-x86_64-debian-clang, r-devel-linux-x86_64-debian-gcc, r-devel-linux-x86_64-fedora-clang, r-devel-linux-x86_64-fedora-gcc, r-devel-windows-x86_64, r-patched-linux-x86_64, r-release-linux-x86_64, r-release-macos-arm64, r-release-macos-x86_64, r-release-windows-x86_64, r-oldrel-macos-arm64, r-oldrel-macos-x86_64, r-oldrel-windows-x86_64
Version: 0.4.1
Check: whether package can be installed
Result: WARN
Found the following significant warnings:
/usr/include/c++/14/bits/stl_algobase.h:452:30: warning: ‘void* __builtin_memmove(void*, const void*, long unsigned int)’ forming offset 4 is out of the bounds [0, 4] [-Warray-bounds=]
See ‘/home/hornik/tmp/R.check/r-devel-gcc/Work/PKGS/SpatialKWD.Rcheck/00install.out’ for details.
* used C++ compiler: ‘g++-14 (Debian 14.2.0-19) 14.2.0’
Flavor: r-devel-linux-x86_64-debian-gcc
Version: 0.4.1
Check: whether package can be installed
Result: WARN
Found the following significant warnings:
D:/rtools45/x86_64-w64-mingw32.static.posix/lib/gcc/x86_64-w64-mingw32.static.posix/14.2.0/include/c++/bits/stl_algobase.h:452:30: warning: 'void* __builtin_memmove(void*, const void*, long long unsigned int)' forming offset 4 is out of the bounds [0, 4] [-Warray-bounds=]
See 'd:/Rcompile/CRANpkg/local/4.6/SpatialKWD.Rcheck/00install.out' for details.
* used C++ compiler: 'g++.exe (GCC) 14.2.0'
Flavor: r-devel-windows-x86_64
Version: 0.4.1
Check: installed package size
Result: NOTE
installed size is 5.9Mb
sub-directories of 1Mb or more:
libs 5.5Mb
Flavors: r-oldrel-macos-arm64, r-oldrel-macos-x86_64