Last updated on 2025-05-06 06:50:08 CEST.
Flavor | Version | Tinstall | Tcheck | Ttotal | Status | Flags |
---|---|---|---|---|---|---|
r-devel-linux-x86_64-debian-clang | 1.5 | 3.75 | 50.20 | 53.95 | NOTE | |
r-devel-linux-x86_64-debian-gcc | 1.5 | 3.62 | 35.54 | 39.16 | NOTE | |
r-devel-linux-x86_64-fedora-clang | 1.5 | 90.55 | NOTE | |||
r-devel-linux-x86_64-fedora-gcc | 1.5 | 86.44 | NOTE | |||
r-devel-windows-x86_64 | 1.5 | 6.00 | 64.00 | 70.00 | NOTE | |
r-patched-linux-x86_64 | 1.5 | 5.02 | 48.28 | 53.30 | NOTE | |
r-release-linux-x86_64 | 1.5 | 4.34 | 47.64 | 51.98 | NOTE | |
r-release-macos-arm64 | 1.5 | 26.00 | NOTE | |||
r-release-macos-x86_64 | 1.5 | 48.00 | NOTE | |||
r-release-windows-x86_64 | 1.5 | 6.00 | 65.00 | 71.00 | NOTE | |
r-oldrel-macos-arm64 | 1.5 | 27.00 | NOTE | |||
r-oldrel-macos-x86_64 | 1.5 | 37.00 | NOTE | |||
r-oldrel-windows-x86_64 | 1.5 | 8.00 | 77.00 | 85.00 | NOTE |
Version: 1.5
Check: CRAN incoming feasibility
Result: NOTE
Maintainer: ‘John P. Nolan <jpnolan@american.edu>’
No Authors@R field in DESCRIPTION.
Please add one, modifying
Authors@R: c(person(given = c("John", "P."),
family = "Nolan",
role = c("aut", "cre"),
email = "jpnolan@american.edu"),
person(given = "American",
family = "University",
role = "aut"))
as necessary.
Flavors: r-devel-linux-x86_64-debian-clang, r-devel-linux-x86_64-debian-gcc
Version: 1.5
Check: Rd files
Result: NOTE
checkRd: (-1) adaptIntegrateSpherePolar.Rd:14: Lost braces
14 | code{adaptIntegrateBallPolar()} will likely miss these abrupt changes and give
| ^
Flavors: r-devel-linux-x86_64-debian-clang, r-devel-linux-x86_64-debian-gcc, r-devel-linux-x86_64-fedora-clang, r-devel-linux-x86_64-fedora-gcc, r-devel-windows-x86_64, r-patched-linux-x86_64, r-release-linux-x86_64, r-release-macos-arm64, r-release-macos-x86_64, r-release-windows-x86_64, r-oldrel-macos-arm64, r-oldrel-macos-x86_64, r-oldrel-windows-x86_64