CRAN Package Check Results for Package StepSignalMargiLike

Last updated on 2025-05-06 12:49:51 CEST.

Flavor Version Tinstall Tcheck Ttotal Status Flags
r-devel-linux-x86_64-debian-clang 2.6.0 23.68 24.96 48.64 NOTE
r-devel-linux-x86_64-debian-gcc 2.6.0 14.73 19.88 34.61 NOTE
r-devel-linux-x86_64-fedora-clang 2.6.0 85.09 NOTE
r-devel-linux-x86_64-fedora-gcc 2.6.0 81.82 NOTE
r-devel-windows-x86_64 2.6.0 24.00 63.00 87.00 NOTE
r-patched-linux-x86_64 2.6.0 21.12 23.67 44.79 NOTE
r-release-linux-x86_64 2.6.0 20.11 23.79 43.90 NOTE
r-release-macos-arm64 2.6.0 27.00 NOTE
r-release-macos-x86_64 2.6.0 35.00 NOTE
r-release-windows-x86_64 2.6.0 27.00 67.00 94.00 NOTE
r-oldrel-macos-arm64 2.6.0 26.00 NOTE
r-oldrel-macos-x86_64 2.6.0 34.00 NOTE
r-oldrel-windows-x86_64 2.6.0 26.00 77.00 103.00 NOTE

Check Details

Version: 2.6.0
Check: CRAN incoming feasibility
Result: NOTE Maintainer: ‘Chu-Lan Michael Kao <chulankao@gmail.com>’ No Authors@R field in DESCRIPTION. Please add one, modifying Authors@R: c(person(given = "Chao", family = "Du", role = "aut"), person(given = c("Chu-Lan", "Michael"), family = "Kao", role = c("aut", "cre"), email = "chulankao@gmail.com"), person(given = "Samuel", family = "Kou", role = "aut")) as necessary. Flavors: r-devel-linux-x86_64-debian-clang, r-devel-linux-x86_64-debian-gcc

Version: 2.6.0
Check: C++ specification
Result: NOTE Specified C++11: please drop specification unless essential Flavors: r-devel-linux-x86_64-debian-clang, r-devel-linux-x86_64-debian-gcc, r-devel-linux-x86_64-fedora-clang, r-devel-linux-x86_64-fedora-gcc, r-devel-windows-x86_64, r-patched-linux-x86_64, r-release-linux-x86_64, r-release-macos-arm64, r-release-macos-x86_64, r-release-windows-x86_64, r-oldrel-macos-arm64, r-oldrel-macos-x86_64, r-oldrel-windows-x86_64