Last updated on 2025-05-03 21:51:33 CEST.
Flavor | Version | Tinstall | Tcheck | Ttotal | Status | Flags |
---|---|---|---|---|---|---|
r-devel-linux-x86_64-debian-clang | 1.0.0 | 13.81 | 124.07 | 137.88 | NOTE | |
r-devel-linux-x86_64-debian-gcc | 1.0.0 | 9.86 | 85.78 | 95.64 | NOTE | |
r-devel-linux-x86_64-fedora-clang | 1.0.0 | 207.89 | NOTE | |||
r-devel-linux-x86_64-fedora-gcc | 1.0.0 | 208.38 | NOTE | |||
r-devel-windows-x86_64 | 1.0.0 | 13.00 | 126.00 | 139.00 | NOTE | |
r-patched-linux-x86_64 | 1.0.0 | 13.43 | 113.99 | 127.42 | NOTE | |
r-release-linux-x86_64 | NOTE | |||||
r-release-macos-arm64 | 1.0.0 | 64.00 | NOTE | |||
r-release-macos-x86_64 | 1.0.0 | 129.00 | NOTE | |||
r-release-windows-x86_64 | 1.0.0 | 14.00 | 124.00 | 138.00 | NOTE | |
r-oldrel-macos-arm64 | 1.0.0 | 63.00 | OK | |||
r-oldrel-macos-x86_64 | 1.0.0 | 98.00 | OK | |||
r-oldrel-windows-x86_64 | 1.0.0 | 17.00 | 156.00 | 173.00 | OK |
Version: 1.0.0
Check: DESCRIPTION meta-information
Result: NOTE
Missing dependency on R >= 4.1.0 because package code uses the pipe
|> or function shorthand \(...) syntax added in R 4.1.0.
File(s) using such syntax:
‘Functions.R’
Flavors: r-devel-linux-x86_64-debian-clang, r-devel-linux-x86_64-debian-gcc, r-devel-linux-x86_64-fedora-clang, r-devel-linux-x86_64-fedora-gcc, r-devel-windows-x86_64, r-patched-linux-x86_64, r-release-linux-x86_64, r-release-macos-arm64, r-release-macos-x86_64, r-release-windows-x86_64