Last updated on 2025-05-03 21:51:34 CEST.
Flavor | Version | Tinstall | Tcheck | Ttotal | Status | Flags |
---|---|---|---|---|---|---|
r-devel-linux-x86_64-debian-clang | 2.0.2 | 13.32 | 117.12 | 130.44 | NOTE | |
r-devel-linux-x86_64-debian-gcc | 2.0.2 | 10.37 | 85.02 | 95.39 | NOTE | |
r-devel-linux-x86_64-fedora-clang | 2.0.2 | 222.57 | OK | |||
r-devel-linux-x86_64-fedora-gcc | 2.0.2 | 210.97 | OK | |||
r-devel-windows-x86_64 | 2.0.2 | 15.00 | 110.00 | 125.00 | OK | |
r-patched-linux-x86_64 | 2.0.2 | 12.80 | 111.28 | 124.08 | OK | |
r-release-linux-x86_64 | OK | |||||
r-release-macos-arm64 | 2.0.2 | 91.00 | OK | |||
r-release-macos-x86_64 | 2.0.2 | 136.00 | OK | |||
r-release-windows-x86_64 | 2.0.2 | 15.00 | 109.00 | 124.00 | OK | |
r-oldrel-macos-arm64 | 2.0.2 | 60.00 | OK | |||
r-oldrel-macos-x86_64 | 2.0.2 | 114.00 | OK | |||
r-oldrel-windows-x86_64 | 2.0.2 | 18.00 | 136.00 | 154.00 | OK |
Version: 2.0.2
Check: CRAN incoming feasibility
Result: NOTE
Maintainer: ‘Scott Barlowe <sabarlowe@email.wcu.edu>’
No Authors@R field in DESCRIPTION.
Please add one, modifying
Authors@R: person(given = "Scott",
family = "Barlowe",
role = c("aut", "cre"),
email = "sabarlowe@email.wcu.edu")
as necessary.
Flavors: r-devel-linux-x86_64-debian-clang, r-devel-linux-x86_64-debian-gcc