Last updated on 2025-05-06 21:52:25 CEST.
Flavor | Version | Tinstall | Tcheck | Ttotal | Status | Flags |
---|---|---|---|---|---|---|
r-devel-linux-x86_64-debian-clang | 1.2.1 | 3.45 | 24.34 | 27.79 | NOTE | |
r-devel-linux-x86_64-debian-gcc | 1.2.1 | 2.83 | 19.93 | 22.76 | NOTE | |
r-devel-linux-x86_64-fedora-clang | 1.2.1 | 42.99 | NOTE | |||
r-devel-linux-x86_64-fedora-gcc | 1.2.1 | 42.00 | NOTE | |||
r-devel-windows-x86_64 | 1.2.1 | 6.00 | 53.00 | 59.00 | OK | |
r-patched-linux-x86_64 | 1.2.1 | 3.37 | 23.19 | 26.56 | OK | |
r-release-linux-x86_64 | 1.2.1 | 3.63 | 23.17 | 26.80 | OK | |
r-release-macos-arm64 | 1.2.1 | 20.00 | OK | |||
r-release-macos-x86_64 | 1.2.1 | 33.00 | OK | |||
r-release-windows-x86_64 | 1.2.1 | 6.00 | 53.00 | 59.00 | OK | |
r-oldrel-macos-arm64 | 1.2.1 | 19.00 | OK | |||
r-oldrel-macos-x86_64 | 1.2.1 | 30.00 | OK | |||
r-oldrel-windows-x86_64 | 1.2.1 | 8.00 | 56.00 | 64.00 | OK |
Version: 1.2.1
Check: CRAN incoming feasibility
Result: NOTE
Maintainer: ‘Ting-Huei Chen <tingstat22@gmail.com>’
No Authors@R field in DESCRIPTION.
Please add one, modifying
Authors@R: person(given = "Ting-Huei",
family = "Chen",
role = c("aut", "cre"),
email = "tingstat22@gmail.com")
as necessary.
Flavors: r-devel-linux-x86_64-debian-clang, r-devel-linux-x86_64-debian-gcc
Version: 1.2.1
Check: compiled code
Result: NOTE
File ‘SummaryLasso/libs/SummaryLasso.so’:
Found no calls to: ‘R_registerRoutines’, ‘R_useDynamicSymbols’
It is good practice to register native routines and to disable symbol
search.
See ‘Writing portable packages’ in the ‘Writing R Extensions’ manual.
Flavors: r-devel-linux-x86_64-fedora-clang, r-devel-linux-x86_64-fedora-gcc