Last updated on 2025-07-24 12:51:40 CEST.
Flavor | Version | Tinstall | Tcheck | Ttotal | Status | Flags |
---|---|---|---|---|---|---|
r-devel-linux-x86_64-debian-clang | 1.3 | 6.84 | 59.53 | 66.37 | NOTE | |
r-devel-linux-x86_64-debian-gcc | 1.3 | 4.65 | 45.51 | 50.16 | NOTE | |
r-devel-linux-x86_64-fedora-clang | 1.3 | 101.49 | OK | |||
r-devel-linux-x86_64-fedora-gcc | 1.3 | 98.69 | OK | |||
r-devel-windows-x86_64 | 1.3 | 7.00 | 75.00 | 82.00 | OK | |
r-patched-linux-x86_64 | 1.3 | 6.81 | 56.77 | 63.58 | OK | |
r-release-linux-x86_64 | 1.3 | 6.39 | 56.34 | 62.73 | OK | |
r-release-macos-arm64 | 1.3 | 30.00 | OK | |||
r-release-macos-x86_64 | 1.3 | 56.00 | OK | |||
r-release-windows-x86_64 | 1.3 | 8.00 | 79.00 | 87.00 | OK | |
r-oldrel-macos-arm64 | 1.3 | 31.00 | OK | |||
r-oldrel-macos-x86_64 | 1.3 | 68.00 | OK | |||
r-oldrel-windows-x86_64 | 1.3 | 10.00 | 88.00 | 98.00 | OK |
Version: 1.3
Check: CRAN incoming feasibility
Result: NOTE
Maintainer: ‘Layla Parast <parast@austin.utexas.edu>’
No Authors@R field in DESCRIPTION.
Please add one, modifying
Authors@R: person(given = "Layla",
family = "Parast",
role = c("aut", "cre"),
email = "parast@austin.utexas.edu")
as necessary.
Flavors: r-devel-linux-x86_64-debian-clang, r-devel-linux-x86_64-debian-gcc