CRAN Package Check Results for Package SynchWave

Last updated on 2025-05-04 03:51:08 CEST.

Flavor Version Tinstall Tcheck Ttotal Status Flags
r-devel-linux-x86_64-debian-clang 1.1.2 5.51 54.06 59.57 NOTE
r-devel-linux-x86_64-debian-gcc 1.1.2 4.77 38.95 43.72 NOTE
r-devel-linux-x86_64-fedora-clang 1.1.2 94.47 NOTE
r-devel-linux-x86_64-fedora-gcc 1.1.2 94.71 NOTE
r-devel-windows-x86_64 1.1.2 9.00 93.00 102.00 OK
r-patched-linux-x86_64 1.1.2 6.35 52.94 59.29 OK
r-release-linux-x86_64 OK
r-release-macos-arm64 1.1.2 35.00 OK
r-release-macos-x86_64 1.1.2 63.00 OK
r-release-windows-x86_64 1.1.2 9.00 79.00 88.00 OK
r-oldrel-macos-arm64 1.1.2 31.00 OK
r-oldrel-macos-x86_64 1.1.2 51.00 OK
r-oldrel-windows-x86_64 1.1.2 11.00 92.00 103.00 OK

Check Details

Version: 1.1.2
Check: CRAN incoming feasibility
Result: NOTE Maintainer: ‘Donghoh Kim <donghoh.kim@gmail.com>’ No Authors@R field in DESCRIPTION. Please add one, modifying Authors@R: c(person(given = c("Matlab", "original", "by", "Eugene", "Brevdo;", "R", "port", "by", "Dongik"), family = "Jang", role = "aut"), person(given = "Hee-Seok", family = "Oh", role = "aut"), person(given = "Donghoh", family = "Kim", role = c("aut", "cre"), email = "donghoh.kim@gmail.com")) as necessary. Flavors: r-devel-linux-x86_64-debian-clang, r-devel-linux-x86_64-debian-gcc

Version: 1.1.2
Check: compiled code
Result: NOTE File ‘SynchWave/libs/SynchWave.so’: Found no calls to: ‘R_registerRoutines’, ‘R_useDynamicSymbols’ It is good practice to register native routines and to disable symbol search. See ‘Writing portable packages’ in the ‘Writing R Extensions’ manual. Flavors: r-devel-linux-x86_64-fedora-clang, r-devel-linux-x86_64-fedora-gcc