Last updated on 2024-06-16 11:58:09 CEST.
Flavor | Version | Tinstall | Tcheck | Ttotal | Status | Flags |
---|---|---|---|---|---|---|
r-devel-linux-x86_64-debian-clang | 1.1.0 | 9.82 | 319.29 | 329.11 | OK | |
r-devel-linux-x86_64-debian-gcc | 1.1.0 | 7.50 | 227.10 | 234.60 | OK | |
r-devel-linux-x86_64-fedora-clang | 1.1.0 | 404.24 | NOTE | |||
r-devel-linux-x86_64-fedora-gcc | 1.1.0 | 389.14 | OK | |||
r-devel-windows-x86_64 | 1.1.0 | 10.00 | 258.00 | 268.00 | OK | |
r-patched-linux-x86_64 | 1.1.0 | 9.66 | 299.96 | 309.62 | OK | |
r-release-linux-x86_64 | 1.1.0 | 8.44 | 308.05 | 316.49 | OK | |
r-release-macos-arm64 | 1.1.0 | 100.00 | NOTE | |||
r-release-macos-x86_64 | 1.1.0 | 190.00 | NOTE | |||
r-release-windows-x86_64 | 1.1.0 | 10.00 | 201.00 | 211.00 | OK | |
r-oldrel-macos-arm64 | 1.1.0 | 109.00 | NOTE | |||
r-oldrel-macos-x86_64 | 1.1.0 | 215.00 | NOTE | |||
r-oldrel-windows-x86_64 | 1.1.0 | 12.00 | 283.00 | 295.00 | NOTE |
Version: 1.1.0
Check: installed package size
Result: NOTE
installed size is 5.0Mb
sub-directories of 1Mb or more:
data 2.9Mb
doc 1.8Mb
Flavors: r-devel-linux-x86_64-fedora-clang, r-release-macos-arm64, r-release-macos-x86_64, r-oldrel-macos-arm64, r-oldrel-macos-x86_64, r-oldrel-windows-x86_64