Last updated on 2025-05-03 21:51:34 CEST.
Flavor | Version | Tinstall | Tcheck | Ttotal | Status | Flags |
---|---|---|---|---|---|---|
r-devel-linux-x86_64-debian-clang | 0.4.1 | 14.09 | 74.38 | 88.47 | NOTE | |
r-devel-linux-x86_64-debian-gcc | 0.4.1 | 10.70 | 54.21 | 64.91 | NOTE | |
r-devel-linux-x86_64-fedora-clang | 0.4.1 | 133.42 | NOTE | |||
r-devel-linux-x86_64-fedora-gcc | 0.4.1 | 158.03 | NOTE | |||
r-devel-windows-x86_64 | 0.4.1 | 20.00 | 104.00 | 124.00 | NOTE | |
r-patched-linux-x86_64 | 0.4.1 | 14.44 | 71.78 | 86.22 | NOTE | |
r-release-linux-x86_64 | NOTE | |||||
r-release-macos-arm64 | 0.4.1 | 73.00 | NOTE | |||
r-release-macos-x86_64 | 0.4.1 | 91.00 | NOTE | |||
r-release-windows-x86_64 | 0.4.1 | 20.00 | 103.00 | 123.00 | NOTE | |
r-oldrel-macos-arm64 | 0.4.1 | 52.00 | NOTE | |||
r-oldrel-macos-x86_64 | 0.4.1 | 74.00 | NOTE | |||
r-oldrel-windows-x86_64 | 0.4.1 | 24.00 | 125.00 | 149.00 | NOTE |
Version: 0.4.1
Check: CRAN incoming feasibility
Result: NOTE
Maintainer: ‘Raoul Wadhwa <raoulwadhwa@gmail.com>’
Package CITATION file contains call(s) to old-style citEntry(). Please
use bibentry() instead.
Flavors: r-devel-linux-x86_64-debian-clang, r-devel-linux-x86_64-debian-gcc
Version: 0.4.1
Check: C++ specification
Result: NOTE
Specified C++11: please drop specification unless essential
Flavors: r-devel-linux-x86_64-debian-clang, r-devel-linux-x86_64-debian-gcc, r-devel-linux-x86_64-fedora-clang, r-devel-linux-x86_64-fedora-gcc, r-devel-windows-x86_64, r-patched-linux-x86_64, r-release-linux-x86_64, r-release-macos-arm64, r-release-macos-x86_64, r-release-windows-x86_64, r-oldrel-macos-arm64, r-oldrel-macos-x86_64, r-oldrel-windows-x86_64