CRAN Package Check Results for Package TFMPvalue

Last updated on 2025-05-03 21:51:34 CEST.

Flavor Version Tinstall Tcheck Ttotal Status Flags
r-devel-linux-x86_64-debian-clang 0.0.9 11.59 22.05 33.64 NOTE
r-devel-linux-x86_64-debian-gcc 0.0.9 8.40 17.75 26.15 NOTE
r-devel-linux-x86_64-fedora-clang 0.0.9 65.12 NOTE
r-devel-linux-x86_64-fedora-gcc 0.0.9 56.29 NOTE
r-devel-windows-x86_64 0.0.9 15.00 63.00 78.00 NOTE
r-patched-linux-x86_64 0.0.9 11.29 21.23 32.52 NOTE
r-release-linux-x86_64 NOTE
r-release-macos-arm64 0.0.9 24.00 NOTE
r-release-macos-x86_64 0.0.9 33.00 NOTE
r-release-windows-x86_64 0.0.9 16.00 62.00 78.00 NOTE
r-oldrel-macos-arm64 0.0.9 22.00 NOTE
r-oldrel-macos-x86_64 0.0.9 29.00 NOTE
r-oldrel-windows-x86_64 0.0.9 17.00 74.00 91.00 NOTE

Check Details

Version: 0.0.9
Check: CRAN incoming feasibility
Result: NOTE Maintainer: ‘Ge Tan <ge_tan@live.com>’ No Authors@R field in DESCRIPTION. Please add one, modifying Authors@R: person(given = "Ge", family = "Tan", role = c("aut", "cre"), email = "ge_tan@live.com") as necessary. Flavors: r-devel-linux-x86_64-debian-clang, r-devel-linux-x86_64-debian-gcc

Version: 0.0.9
Check: C++ specification
Result: NOTE Specified C++11: please drop specification unless essential Flavors: r-devel-linux-x86_64-debian-clang, r-devel-linux-x86_64-debian-gcc, r-devel-linux-x86_64-fedora-clang, r-devel-linux-x86_64-fedora-gcc, r-devel-windows-x86_64, r-patched-linux-x86_64, r-release-linux-x86_64, r-release-macos-arm64, r-release-macos-x86_64, r-release-windows-x86_64, r-oldrel-macos-arm64, r-oldrel-macos-x86_64, r-oldrel-windows-x86_64