Last updated on 2024-06-17 06:50:34 CEST.
Flavor | Version | Tinstall | Tcheck | Ttotal | Status | Flags |
---|---|---|---|---|---|---|
r-devel-linux-x86_64-debian-clang | 1.0 | 5.17 | 78.42 | 83.59 | OK | |
r-devel-linux-x86_64-debian-gcc | 1.0 | 4.75 | 58.99 | 63.74 | OK | |
r-devel-linux-x86_64-fedora-clang | 1.0 | 107.02 | NOTE | |||
r-devel-linux-x86_64-fedora-gcc | 1.0 | 114.02 | NOTE | |||
r-devel-windows-x86_64 | 1.0 | 7.00 | 143.00 | 150.00 | OK | |
r-patched-linux-x86_64 | 1.0 | 6.42 | 76.02 | 82.44 | OK | |
r-release-linux-x86_64 | 1.0 | 4.90 | 76.61 | 81.51 | OK | |
r-release-macos-arm64 | 1.0 | 43.00 | OK | |||
r-release-macos-x86_64 | 1.0 | 73.00 | OK | |||
r-release-windows-x86_64 | 1.0 | 7.00 | 126.00 | 133.00 | OK | |
r-oldrel-macos-arm64 | 1.0 | 44.00 | OK | |||
r-oldrel-macos-x86_64 | 1.0 | 75.00 | OK | |||
r-oldrel-windows-x86_64 | 1.0 | 7.00 | 105.00 | 112.00 | OK |
Version: 1.0
Check: dependencies in R code
Result: NOTE
Namespace in Imports field not imported from: ‘knitr’
All declared Imports should be used.
Flavors: r-devel-linux-x86_64-fedora-clang, r-devel-linux-x86_64-fedora-gcc