Last updated on 2025-05-06 06:50:10 CEST.
Flavor | Version | Tinstall | Tcheck | Ttotal | Status | Flags |
---|---|---|---|---|---|---|
r-devel-linux-x86_64-debian-clang | 1.13.6 | 19.46 | 125.84 | 145.30 | NOTE | |
r-devel-linux-x86_64-debian-gcc | 1.13.6 | 12.28 | 82.07 | 94.35 | NOTE | |
r-devel-linux-x86_64-fedora-clang | 1.13.6 | 217.58 | NOTE | |||
r-devel-linux-x86_64-fedora-gcc | 1.13.6 | 211.00 | NOTE | |||
r-devel-windows-x86_64 | 1.13.6 | 21.00 | 278.00 | 299.00 | NOTE | |
r-patched-linux-x86_64 | 1.13.6 | 19.48 | 116.94 | 136.42 | NOTE | |
r-release-linux-x86_64 | 1.13.6 | 15.40 | 118.58 | 133.98 | NOTE | |
r-release-macos-arm64 | 1.13.6 | 64.00 | NOTE | |||
r-release-macos-x86_64 | 1.13.6 | 121.00 | NOTE | |||
r-release-windows-x86_64 | 1.13.6 | 21.00 | 0.00 | 21.00 | FAIL | |
r-oldrel-macos-arm64 | 1.13.6 | 57.00 | NOTE | |||
r-oldrel-macos-x86_64 | 1.13.6 | 97.00 | NOTE | |||
r-oldrel-windows-x86_64 | 1.13.6 | 27.00 | 166.00 | 193.00 | NOTE |
Version: 1.13.6
Check: CRAN incoming feasibility
Result: NOTE
Maintainer: ‘Joris Snellenburg <j.snellenburg@vu.nl>’
Package CITATION file contains call(s) to old-style personList() or
as.personList(). Please use c() on person objects instead.
Package CITATION file contains call(s) to old-style citEntry(). Please
use bibentry() instead.
Flavors: r-devel-linux-x86_64-debian-clang, r-devel-linux-x86_64-debian-gcc
Version: 1.13.6
Check: Rd files
Result: NOTE
checkRd: (-1) dat-class.Rd:47: Lost braces in \itemize; meant \describe ?
checkRd: (-1) dat-class.Rd:48: Lost braces in \itemize; meant \describe ?
checkRd: (-1) dat-class.Rd:49: Lost braces in \itemize; meant \describe ?
checkRd: (-1) dat-class.Rd:50: Lost braces in \itemize; meant \describe ?
checkRd: (-1) dat-class.Rd:51: Lost braces in \itemize; meant \describe ?
checkRd: (-1) dat-class.Rd:133-134: Lost braces in \itemize; meant \describe ?
checkRd: (-1) dat-class.Rd:135-136: Lost braces in \itemize; meant \describe ?
checkRd: (-1) dat-class.Rd:137: Lost braces in \itemize; meant \describe ?
checkRd: (-1) dat-class.Rd:138: Lost braces in \itemize; meant \describe ?
checkRd: (-1) dat-class.Rd:139-141: Lost braces in \itemize; meant \describe ?
checkRd: (-1) fit-class.Rd:24: Lost braces in \itemize; meant \describe ?
checkRd: (-1) fit-class.Rd:25: Lost braces in \itemize; meant \describe ?
checkRd: (-1) fitModel.Rd:23-39: Lost braces in \itemize; meant \describe ?
checkRd: (-1) fitModel.Rd:40-45: Lost braces in \itemize; meant \describe ?
checkRd: (-1) fitModel.Rd:46-53: Lost braces in \itemize; meant \describe ?
checkRd: (-1) fitModel.Rd:54-68: Lost braces in \itemize; meant \describe ?
checkRd: (-1) fitModel.Rd:69-79: Lost braces in \itemize; meant \describe ?
checkRd: (-1) fitModel.Rd:74: Lost braces in \itemize; meant \describe ?
checkRd: (-1) fitModel.Rd:75: Lost braces in \itemize; meant \describe ?
checkRd: (-1) fitModel.Rd:76-77: Lost braces in \itemize; meant \describe ?
checkRd: (-1) fitModel.Rd:80-90: Lost braces in \itemize; meant \describe ?
checkRd: (-1) fitModel.Rd:84: Lost braces in \itemize; meant \describe ?
checkRd: (-1) fitModel.Rd:85: Lost braces in \itemize; meant \describe ?
checkRd: (-1) fitModel.Rd:86: Lost braces in \itemize; meant \describe ?
checkRd: (-1) fitModel.Rd:87-88: Lost braces in \itemize; meant \describe ?
checkRd: (-1) fitModel.Rd:91-99: Lost braces in \itemize; meant \describe ?
checkRd: (-1) fitModel.Rd:95: Lost braces in \itemize; meant \describe ?
checkRd: (-1) fitModel.Rd:96: Lost braces in \itemize; meant \describe ?
checkRd: (-1) fitModel.Rd:97-98: Lost braces in \itemize; meant \describe ?
checkRd: (-1) fitModel.Rd:100-120: Lost braces in \itemize; meant \describe ?
checkRd: (-1) fitModel.Rd:104-105: Lost braces in \itemize; meant \describe ?
checkRd: (-1) fitModel.Rd:106-107: Lost braces in \itemize; meant \describe ?
checkRd: (-1) fitModel.Rd:108-109: Lost braces in \itemize; meant \describe ?
checkRd: (-1) fitModel.Rd:110-112: Lost braces in \itemize; meant \describe ?
checkRd: (-1) fitModel.Rd:113: Lost braces in \itemize; meant \describe ?
checkRd: (-1) fitModel.Rd:114-115: Lost braces in \itemize; meant \describe ?
checkRd: (-1) fitModel.Rd:116-117: Lost braces in \itemize; meant \describe ?
checkRd: (-1) fitModel.Rd:118-119: Lost braces in \itemize; meant \describe ?
checkRd: (-1) fitModel.Rd:121-124: Lost braces in \itemize; meant \describe ?
checkRd: (-1) fitModel.Rd:139-141: Lost braces in \itemize; \value handles \item{}{} directly
checkRd: (-1) fitModel.Rd:142-144: Lost braces in \itemize; \value handles \item{}{} directly
checkRd: (-1) fitModel.Rd:145-147: Lost braces in \itemize; \value handles \item{}{} directly
checkRd: (-1) fitModel.Rd:148-149: Lost braces in \itemize; \value handles \item{}{} directly
checkRd: (-1) kinopt-class.Rd:22-29: Lost braces in \itemize; meant \describe ?
checkRd: (-1) kinopt-class.Rd:30-33: Lost braces in \itemize; meant \describe ?
checkRd: (-1) kinopt-class.Rd:34-36: Lost braces in \itemize; meant \describe ?
Flavors: r-devel-linux-x86_64-debian-clang, r-devel-linux-x86_64-debian-gcc, r-devel-linux-x86_64-fedora-clang, r-devel-linux-x86_64-fedora-gcc, r-devel-windows-x86_64, r-patched-linux-x86_64, r-release-linux-x86_64, r-release-macos-arm64, r-release-macos-x86_64, r-release-windows-x86_64, r-oldrel-macos-arm64, r-oldrel-macos-x86_64, r-oldrel-windows-x86_64
Version: 1.13.6
Check: PDF version of manual
Result: FAIL
Check process probably crashed or hung up for 20 minutes ... killed
Most likely this happened in the example checks (?),
if not, ignore the following last lines of example output:
+ 'err_paramEst.txt', 'err_spec_dataset_1.txt', 'err_spec_dataset_2.txt',
+ 'err_spec_dataset_3.txt', 'err_std_err_clp_1.txt',
+ 'err_std_err_clp_2.txt', 'err_std_err_clp_3.txt',
+ Sys.glob("*paramEst.txt"), Sys.glob("*.ps"), Sys.glob("Rplots*.pdf"))
>
> # Iterate over the files and delete them if they exist
> for (f in file_list_cleanup) {
+ if (file.exists(f)) {
+ unlink(f)
+ }
+ }
>
>
>
>
> ### * <FOOTER>
> ###
> cleanEx()
> options(digits = 7L)
> base::cat("Time elapsed: ", proc.time() - base::get("ptime", pos = 'CheckExEnv'),"\n")
Time elapsed: 2.53 0.38 3.02 NA NA
> grDevices::dev.off()
pdf
2
> ###
> ### Local variables: ***
> ### mode: outline-minor ***
> ### outline-regexp: "\\(> \\)?### [*]+" ***
> ### End: ***
> quit('no')
======== End of example output (where/before crash/hang up occured ?) ========
Flavor: r-release-windows-x86_64