Last updated on 2025-05-06 03:51:19 CEST.
Flavor | Version | Tinstall | Tcheck | Ttotal | Status | Flags |
---|---|---|---|---|---|---|
r-devel-linux-x86_64-debian-clang | 1.4 | 9.54 | 93.20 | 102.74 | NOTE | |
r-devel-linux-x86_64-debian-gcc | 1.4 | 6.33 | 64.10 | 70.43 | NOTE | |
r-devel-linux-x86_64-fedora-clang | 1.4 | 160.41 | OK | |||
r-devel-linux-x86_64-fedora-gcc | 1.4 | 154.42 | OK | |||
r-devel-windows-x86_64 | 1.4 | 9.00 | 248.00 | 257.00 | OK | |
r-patched-linux-x86_64 | 1.4 | 8.64 | 89.21 | 97.85 | OK | |
r-release-linux-x86_64 | 1.4 | 9.02 | 89.16 | 98.18 | OK | |
r-release-macos-arm64 | 1.4 | 50.00 | OK | |||
r-release-macos-x86_64 | 1.4 | 96.00 | OK | |||
r-release-windows-x86_64 | 1.4 | 10.00 | 150.00 | 160.00 | OK | |
r-oldrel-macos-arm64 | 1.4 | 42.00 | OK | |||
r-oldrel-macos-x86_64 | 1.4 | 62.00 | OK | |||
r-oldrel-windows-x86_64 | 1.4 | 13.00 | 120.00 | 133.00 | OK |
Version: 1.4
Check: CRAN incoming feasibility
Result: NOTE
Maintainer: ‘Sara Algeri <salgeri@umn.edu>’
No Authors@R field in DESCRIPTION.
Please add one, modifying
Authors@R: person(given = "Sara",
family = "Algeri",
role = c("aut", "cre"),
email = "salgeri@umn.edu")
as necessary.
The Description field contains
<arXiv:1803.03858>.
Please refer to arXiv e-prints via their arXiv DOI <doi:10.48550/arXiv.YYMM.NNNNN>.
Flavors: r-devel-linux-x86_64-debian-clang, r-devel-linux-x86_64-debian-gcc