Last updated on 2024-06-17 06:50:35 CEST.
Flavor | Version | Tinstall | Tcheck | Ttotal | Status | Flags |
---|---|---|---|---|---|---|
r-devel-linux-x86_64-debian-clang | 1.0.2 | 16.22 | 102.19 | 118.41 | OK | |
r-devel-linux-x86_64-debian-gcc | 1.0.2 | 11.78 | 72.43 | 84.21 | OK | |
r-devel-linux-x86_64-fedora-clang | 1.0.2 | 146.65 | NOTE | |||
r-devel-linux-x86_64-fedora-gcc | 1.0.2 | 132.02 | OK | |||
r-devel-windows-x86_64 | 1.0.2 | 16.00 | 91.00 | 107.00 | OK | |
r-patched-linux-x86_64 | 1.0.2 | 15.04 | 94.51 | 109.55 | OK | |
r-release-linux-x86_64 | 1.0.2 | 13.58 | 94.28 | 107.86 | OK | |
r-release-macos-arm64 | 1.0.2 | 42.00 | OK | |||
r-release-macos-x86_64 | 1.0.2 | 59.00 | OK | |||
r-release-windows-x86_64 | 1.0.2 | 17.00 | 92.00 | 109.00 | OK | |
r-oldrel-macos-arm64 | 1.0.2 | 43.00 | OK | |||
r-oldrel-macos-x86_64 | 1.0.2 | 72.00 | OK | |||
r-oldrel-windows-x86_64 | 1.0.2 | 19.00 | 202.00 | 221.00 | OK |
Version: 1.0.2
Check: installed package size
Result: NOTE
installed size is 8.0Mb
sub-directories of 1Mb or more:
libs 7.4Mb
Flavor: r-devel-linux-x86_64-fedora-clang