CRAN Package Check Results for Package TULIP

Last updated on 2025-05-06 12:49:53 CEST.

Flavor Version Tinstall Tcheck Ttotal Status Flags
r-devel-linux-x86_64-debian-clang 1.0.2 13.19 82.13 95.32 NOTE
r-devel-linux-x86_64-debian-gcc 1.0.2 8.88 55.11 63.99 NOTE
r-devel-linux-x86_64-fedora-clang 1.0.2 147.60 OK
r-devel-linux-x86_64-fedora-gcc 1.0.2 136.12 OK
r-devel-windows-x86_64 1.0.2 18.00 91.00 109.00 OK
r-patched-linux-x86_64 1.0.2 14.02 73.40 87.42 OK
r-release-linux-x86_64 1.0.2 12.61 73.15 85.76 OK
r-release-macos-arm64 1.0.2 57.00 OK
r-release-macos-x86_64 1.0.2 79.00 OK
r-release-windows-x86_64 1.0.2 18.00 90.00 108.00 OK
r-oldrel-macos-arm64 1.0.2 42.00 OK
r-oldrel-macos-x86_64 1.0.2 59.00 OK
r-oldrel-windows-x86_64 1.0.2 21.00 110.00 131.00 OK

Check Details

Version: 1.0.2
Check: CRAN incoming feasibility
Result: NOTE Maintainer: ‘Yuqing Pan <yuqing.pan@stat.fsu.edu>’ No Authors@R field in DESCRIPTION. Please add one, modifying Authors@R: c(person(given = "Yuqing", family = "Pan", role = c("aut", "cre"), email = "yuqing.pan@stat.fsu.edu"), person(given = "Qing", family = "Mai", role = "aut", email = "mai@stat.fsu.edu"), person(given = "Xin", family = "Zhang", role = "aut", email = "henry@stat.fsu.edu")) as necessary. The Description field contains (2019) <arXiv:1904.03469>. Functions are included for covariate Please refer to arXiv e-prints via their arXiv DOI <doi:10.48550/arXiv.YYMM.NNNNN>. Flavors: r-devel-linux-x86_64-debian-clang, r-devel-linux-x86_64-debian-gcc