Last updated on 2024-06-17 06:50:34 CEST.
Flavor | Version | Tinstall | Tcheck | Ttotal | Status | Flags |
---|---|---|---|---|---|---|
r-devel-linux-x86_64-debian-clang | 1.0.2 | 8.28 | 51.45 | 59.73 | OK | |
r-devel-linux-x86_64-debian-gcc | 1.0.2 | 4.47 | 36.20 | 40.67 | OK | |
r-devel-linux-x86_64-fedora-clang | 1.0.2 | 71.34 | NOTE | |||
r-devel-linux-x86_64-fedora-gcc | 1.0.2 | 66.27 | NOTE | |||
r-devel-windows-x86_64 | 1.0.2 | 9.00 | 58.00 | 67.00 | OK | |
r-patched-linux-x86_64 | 1.0.2 | 8.67 | 47.34 | 56.01 | OK | |
r-release-linux-x86_64 | 1.0.2 | 7.82 | 46.43 | 54.25 | OK | |
r-release-macos-arm64 | 1.0.2 | 25.00 | OK | |||
r-release-macos-x86_64 | 1.0.2 | 38.00 | OK | |||
r-release-windows-x86_64 | 1.0.2 | 10.00 | 62.00 | 72.00 | OK | |
r-oldrel-macos-arm64 | 1.0.2 | 25.00 | OK | |||
r-oldrel-macos-x86_64 | 1.0.2 | 38.00 | OK | |||
r-oldrel-windows-x86_64 | 1.0.2 | 11.00 | 118.00 | 129.00 | OK |
Version: 1.0.2
Check: dependencies in R code
Result: NOTE
Namespace in Imports field not imported from: ‘Rcpp’
All declared Imports should be used.
Flavors: r-devel-linux-x86_64-fedora-clang, r-devel-linux-x86_64-fedora-gcc