Last updated on 2025-05-03 12:54:57 CEST.
Flavor | Version | Tinstall | Tcheck | Ttotal | Status | Flags |
---|---|---|---|---|---|---|
r-devel-linux-x86_64-debian-clang | 1.0.0 | 60.85 | 418.71 | 479.56 | OK | |
r-devel-linux-x86_64-debian-gcc | 1.0.0 | 42.91 | 261.23 | 304.14 | OK | |
r-devel-linux-x86_64-fedora-clang | 1.0.0 | 768.79 | OK | |||
r-devel-linux-x86_64-fedora-gcc | 1.0.0 | 766.75 | OK | |||
r-devel-windows-x86_64 | 1.0.0 | 60.00 | 363.00 | 423.00 | OK | |
r-patched-linux-x86_64 | 1.0.0 | 60.88 | 404.12 | 465.00 | OK | |
r-release-linux-x86_64 | OK | |||||
r-release-macos-arm64 | 1.0.0 | 184.00 | OK | |||
r-release-macos-x86_64 | 1.0.0 | 417.00 | OK | |||
r-release-windows-x86_64 | 1.0.0 | 59.00 | 358.00 | 417.00 | OK | |
r-oldrel-macos-arm64 | 1.0.0 | 170.00 | OK | |||
r-oldrel-macos-x86_64 | 1.0.0 | 382.00 | OK | |||
r-oldrel-windows-x86_64 | 1.0.0 | 81.00 | 500.00 | 581.00 | WARN |
Version: 1.0.0
Check: whether the namespace can be loaded with stated dependencies
Result: WARN
A namespace must be able to be loaded with just the base namespace
loaded: otherwise if the namespace gets loaded by a saved object, the
session will be unable to start.
Probably some imports need to be declared in the NAMESPACE file.
Flavor: r-oldrel-windows-x86_64