Last updated on 2025-07-22 12:49:48 CEST.
Flavor | Version | Tinstall | Tcheck | Ttotal | Status | Flags |
---|---|---|---|---|---|---|
r-devel-linux-x86_64-debian-clang | 2.3.4 | 7.16 | 130.61 | 137.77 | OK | |
r-devel-linux-x86_64-debian-gcc | 2.3.4 | 4.57 | 102.77 | 107.34 | OK | |
r-devel-linux-x86_64-fedora-clang | 2.3.4 | 189.78 | OK | |||
r-devel-linux-x86_64-fedora-gcc | 2.3.4 | 197.40 | OK | |||
r-devel-windows-x86_64 | 2.3.4 | 10.00 | 141.00 | 151.00 | OK | |
r-patched-linux-x86_64 | 2.3.4 | 7.77 | 125.16 | 132.93 | OK | |
r-release-linux-x86_64 | 2.3.4 | 6.22 | 125.28 | 131.50 | OK | |
r-release-macos-arm64 | 2.3.4 | 59.00 | OK | |||
r-release-macos-x86_64 | 2.3.4 | 120.00 | OK | |||
r-release-windows-x86_64 | 2.3.4 | 10.00 | 141.00 | 151.00 | OK | |
r-oldrel-macos-arm64 | 2.3.4 | 59.00 | NOTE | |||
r-oldrel-macos-x86_64 | 2.3.4 | 124.00 | NOTE | |||
r-oldrel-windows-x86_64 | 2.3.4 | 11.00 | 172.00 | 183.00 | NOTE |
Version: 2.3.4
Check: installed package size
Result: NOTE
installed size is 6.4Mb
sub-directories of 1Mb or more:
doc 5.4Mb
Flavors: r-oldrel-macos-arm64, r-oldrel-macos-x86_64, r-oldrel-windows-x86_64