Last updated on 2025-05-03 21:51:34 CEST.
Flavor | Version | Tinstall | Tcheck | Ttotal | Status | Flags |
---|---|---|---|---|---|---|
r-devel-linux-x86_64-debian-clang | 0.0.3 | 3.13 | 35.10 | 38.23 | NOTE | |
r-devel-linux-x86_64-debian-gcc | 0.0.3 | 2.16 | 25.87 | 28.03 | NOTE | |
r-devel-linux-x86_64-fedora-clang | 0.0.3 | 53.25 | OK | |||
r-devel-linux-x86_64-fedora-gcc | 0.0.3 | 49.47 | OK | |||
r-devel-windows-x86_64 | 0.0.3 | 3.00 | 58.00 | 61.00 | OK | |
r-patched-linux-x86_64 | 0.0.3 | 2.83 | 29.93 | 32.76 | OK | |
r-release-linux-x86_64 | OK | |||||
r-release-macos-arm64 | 0.0.3 | 21.00 | OK | |||
r-release-macos-x86_64 | 0.0.3 | 34.00 | OK | |||
r-release-windows-x86_64 | 0.0.3 | 4.00 | 53.00 | 57.00 | OK | |
r-oldrel-macos-arm64 | 0.0.3 | 20.00 | OK | |||
r-oldrel-macos-x86_64 | 0.0.3 | 29.00 | OK | |||
r-oldrel-windows-x86_64 | 0.0.3 | 4.00 | 61.00 | 65.00 | OK |
Version: 0.0.3
Check: CRAN incoming feasibility
Result: NOTE
Maintainer: ‘Moritz Mueller-Navarra <muellernavarra@gmail.com>’
Found the following URLs which should use \doi (with the DOI name only):
File ‘BuildTT.Rd’:
https://doi.org/10.5194/os-15-1363-2019
File ‘SynTT.Rd’:
https://doi.org/10.5194/os-15-1363-2019
File ‘TideTable.Rd’:
https://doi.org/10.5194/os-15-1363-2019
Flavors: r-devel-linux-x86_64-debian-clang, r-devel-linux-x86_64-debian-gcc