CRAN Package Check Results for Package TimeVTree

Last updated on 2025-05-07 12:50:38 CEST.

Flavor Version Tinstall Tcheck Ttotal Status Flags
r-devel-linux-x86_64-debian-clang 0.3.1 7.26 70.77 78.03 NOTE
r-devel-linux-x86_64-debian-gcc 0.3.1 5.11 51.49 56.60 NOTE
r-devel-linux-x86_64-fedora-clang 0.3.1 119.58 NOTE
r-devel-linux-x86_64-fedora-gcc 0.3.1 119.09 NOTE
r-devel-windows-x86_64 0.3.1 8.00 88.00 96.00 NOTE
r-patched-linux-x86_64 0.3.1 7.78 69.58 77.36 NOTE
r-release-linux-x86_64 0.3.1 5.62 69.34 74.96 NOTE
r-release-macos-arm64 0.3.1 46.00 NOTE
r-release-macos-x86_64 0.3.1 87.00 NOTE
r-release-windows-x86_64 0.3.1 7.00 84.00 91.00 NOTE
r-oldrel-macos-arm64 0.3.1 40.00 NOTE
r-oldrel-macos-x86_64 0.3.1 63.00 NOTE
r-oldrel-windows-x86_64 0.3.1 10.00 101.00 111.00 NOTE

Check Details

Version: 0.3.1
Check: Rd files
Result: NOTE checkRd: (-1) alcohol.Rd:16-18: Lost braces in \itemize; meant \describe ? checkRd: (-1) alcohol.Rd:19-21: Lost braces in \itemize; meant \describe ? checkRd: (-1) alcohol.Rd:22-26: Lost braces in \itemize; meant \describe ? Flavors: r-devel-linux-x86_64-debian-clang, r-devel-linux-x86_64-debian-gcc, r-devel-linux-x86_64-fedora-clang, r-devel-linux-x86_64-fedora-gcc, r-devel-windows-x86_64, r-patched-linux-x86_64, r-release-linux-x86_64, r-release-macos-arm64, r-release-macos-x86_64, r-release-windows-x86_64, r-oldrel-macos-arm64, r-oldrel-macos-x86_64, r-oldrel-windows-x86_64