Last updated on 2025-05-06 06:50:10 CEST.
Flavor | Version | Tinstall | Tcheck | Ttotal | Status | Flags |
---|---|---|---|---|---|---|
r-devel-linux-x86_64-debian-clang | 2.4 | 5.28 | 44.48 | 49.76 | NOTE | |
r-devel-linux-x86_64-debian-gcc | 2.4 | 3.74 | 31.73 | 35.47 | NOTE | |
r-devel-linux-x86_64-fedora-clang | 2.4 | 77.76 | OK | |||
r-devel-linux-x86_64-fedora-gcc | 2.4 | 75.68 | OK | |||
r-devel-windows-x86_64 | 2.4 | 8.00 | 81.00 | 89.00 | OK | |
r-patched-linux-x86_64 | 2.4 | 4.61 | 41.27 | 45.88 | OK | |
r-release-linux-x86_64 | 2.4 | 4.28 | 41.67 | 45.95 | OK | |
r-release-macos-arm64 | 2.4 | 27.00 | OK | |||
r-release-macos-x86_64 | 2.4 | 50.00 | OK | |||
r-release-windows-x86_64 | 2.4 | 8.00 | 69.00 | 77.00 | OK | |
r-oldrel-macos-arm64 | 2.4 | 31.00 | OK | |||
r-oldrel-macos-x86_64 | 2.4 | 41.00 | OK | |||
r-oldrel-windows-x86_64 | 2.4 | 8.00 | 79.00 | 87.00 | OK |
Version: 2.4
Check: CRAN incoming feasibility
Result: NOTE
Maintainer: ‘Josef Leydold <josef.leydold@wu.ac.at>’
No Authors@R field in DESCRIPTION.
Please add one, modifying
Authors@R: c(person(given = "Josef",
family = "Leydold",
role = c("aut", "cre"),
email = "josef.leydold@wu.ac.at"),
person(given = "Carsten",
family = "Botts",
role = "aut"),
person(given = "Wolfgang",
family = "H\\\"ormann",
role = "aut"))
as necessary.
Flavors: r-devel-linux-x86_64-debian-clang, r-devel-linux-x86_64-debian-gcc