CRAN Package Check Results for Package TrackReconstruction

Last updated on 2025-07-24 06:49:42 CEST.

Flavor Version Tinstall Tcheck Ttotal Status Flags
r-devel-linux-x86_64-debian-clang 1.3 4.88 111.54 116.42 NOTE
r-devel-linux-x86_64-debian-gcc 1.3 3.26 79.32 82.58 NOTE
r-devel-linux-x86_64-fedora-clang 1.3 177.52 OK
r-devel-linux-x86_64-fedora-gcc 1.3 191.10 OK
r-devel-windows-x86_64 1.3 7.00 150.00 157.00 OK
r-patched-linux-x86_64 1.3 5.68 107.84 113.52 OK
r-release-linux-x86_64 1.3 5.22 108.17 113.39 OK
r-release-macos-arm64 1.3 64.00 OK
r-release-macos-x86_64 1.3 125.00 OK
r-release-windows-x86_64 1.3 7.00 156.00 163.00 OK
r-oldrel-macos-arm64 1.3 56.00 OK
r-oldrel-macos-x86_64 1.3 104.00 OK
r-oldrel-windows-x86_64 1.3 9.00 178.00 187.00 OK

Check Details

Version: 1.3
Check: CRAN incoming feasibility
Result: NOTE Maintainer: ‘Brian Battaile <brian.battaile@gmail.com>’ No Authors@R field in DESCRIPTION. Please add one, modifying Authors@R: person(given = "Brian", family = "Battaile", role = c("aut", "cre"), email = "brian.battaile@gmail.com") as necessary. Flavors: r-devel-linux-x86_64-debian-clang, r-devel-linux-x86_64-debian-gcc