Last updated on 2024-06-16 11:58:10 CEST.
Flavor | Version | Tinstall | Tcheck | Ttotal | Status | Flags |
---|---|---|---|---|---|---|
r-devel-linux-x86_64-debian-clang | 1.4.8 | 10.05 | 72.84 | 82.89 | OK | |
r-devel-linux-x86_64-debian-gcc | 1.4.8 | 6.79 | 53.53 | 60.32 | OK | |
r-devel-linux-x86_64-fedora-clang | 1.4.8 | 102.25 | NOTE | |||
r-devel-linux-x86_64-fedora-gcc | 1.4.8 | 107.88 | NOTE | |||
r-devel-windows-x86_64 | 1.4.8 | 8.00 | 84.00 | 92.00 | OK | |
r-patched-linux-x86_64 | 1.4.8 | 8.01 | 69.05 | 77.06 | OK | |
r-release-linux-x86_64 | 1.4.8 | 5.28 | 70.69 | 75.97 | OK | |
r-release-macos-arm64 | 1.4.8 | 52.00 | OK | |||
r-release-macos-x86_64 | 1.4.8 | 81.00 | OK | |||
r-release-windows-x86_64 | 1.4.8 | 9.00 | 81.00 | 90.00 | OK | |
r-oldrel-macos-arm64 | 1.4.8 | 68.00 | OK | |||
r-oldrel-macos-x86_64 | 1.4.8 | 90.00 | OK | |||
r-oldrel-windows-x86_64 | 1.4.8 | 11.00 | 97.00 | 108.00 | OK |
Version: 1.4.8
Check: data for non-ASCII characters
Result: NOTE
Note: found 2 marked UTF-8 strings
Flavors: r-devel-linux-x86_64-fedora-clang, r-devel-linux-x86_64-fedora-gcc