Last updated on 2025-07-24 06:49:43 CEST.
Flavor | Version | Tinstall | Tcheck | Ttotal | Status | Flags |
---|---|---|---|---|---|---|
r-devel-linux-x86_64-debian-clang | 0.0-3 | 40.94 | 74.88 | 115.82 | NOTE | |
r-devel-linux-x86_64-debian-gcc | 0.0-3 | 31.24 | 56.03 | 87.27 | NOTE | |
r-devel-linux-x86_64-fedora-clang | 0.0-4 | 201.07 | OK | |||
r-devel-linux-x86_64-fedora-gcc | 0.0-4 | 198.56 | OK | |||
r-devel-windows-x86_64 | 0.0-4 | 51.00 | 98.00 | 149.00 | OK | |
r-patched-linux-x86_64 | 0.0-3 | 43.07 | 70.70 | 113.77 | NOTE | |
r-release-linux-x86_64 | 0.0-3 | 43.22 | 70.81 | 114.03 | NOTE | |
r-release-macos-arm64 | 0.0-3 | 74.00 | NOTE | |||
r-release-macos-x86_64 | 0.0-4 | 113.00 | OK | |||
r-release-windows-x86_64 | 0.0-3 | 48.00 | 102.00 | 150.00 | NOTE | |
r-oldrel-macos-arm64 | 0.0-3 | 46.00 | NOTE | |||
r-oldrel-macos-x86_64 | 0.0-4 | 93.00 | NOTE | |||
r-oldrel-windows-x86_64 | 0.0-3 | 59.00 | 136.00 | 195.00 | NOTE |
Version: 0.0-3
Check: CRAN incoming feasibility
Result: NOTE
Maintainer: ‘Gunther Schauberger <gunther.schauberger@tum.de>’
No Authors@R field in DESCRIPTION.
Please add one, modifying
Authors@R: person(given = "Gunther",
family = "Schauberger",
role = c("aut", "cre"),
email = "gunther.schauberger@tum.de")
as necessary.
Flavors: r-devel-linux-x86_64-debian-clang, r-devel-linux-x86_64-debian-gcc
Version: 0.0-3
Check: C++ specification
Result: NOTE
Specified C++11: please drop specification unless essential
Flavors: r-devel-linux-x86_64-debian-clang, r-devel-linux-x86_64-debian-gcc, r-patched-linux-x86_64, r-release-linux-x86_64, r-release-macos-arm64, r-release-windows-x86_64, r-oldrel-macos-arm64, r-oldrel-windows-x86_64
Version: 0.0-4
Check: installed package size
Result: NOTE
installed size is 5.1Mb
sub-directories of 1Mb or more:
libs 4.9Mb
Flavor: r-oldrel-macos-x86_64