Last updated on 2025-05-07 06:50:05 CEST.
Flavor | Version | Tinstall | Tcheck | Ttotal | Status | Flags |
---|---|---|---|---|---|---|
r-devel-linux-x86_64-debian-clang | 1.2.3 | 2.18 | 51.10 | 53.28 | NOTE | |
r-devel-linux-x86_64-debian-gcc | 1.2.3 | 1.82 | 40.02 | 41.84 | NOTE | |
r-devel-linux-x86_64-fedora-clang | 1.2.3 | 93.29 | OK | |||
r-devel-linux-x86_64-fedora-gcc | 1.2.3 | 94.04 | OK | |||
r-devel-windows-x86_64 | 1.2.3 | 3.00 | 86.00 | 89.00 | OK | |
r-patched-linux-x86_64 | 1.2.3 | 2.75 | 47.40 | 50.15 | OK | |
r-release-linux-x86_64 | 1.2.3 | 2.45 | 47.63 | 50.08 | OK | |
r-release-macos-arm64 | 1.2.3 | 34.00 | OK | |||
r-release-macos-x86_64 | 1.2.3 | 69.00 | OK | |||
r-release-windows-x86_64 | 1.2.3 | 4.00 | 92.00 | 96.00 | OK | |
r-oldrel-macos-arm64 | 1.2.3 | 33.00 | OK | |||
r-oldrel-macos-x86_64 | 1.2.3 | 52.00 | OK | |||
r-oldrel-windows-x86_64 | 1.2.3 | 3.00 | 84.00 | 87.00 | OK |
Version: 1.2.3
Check: CRAN incoming feasibility
Result: NOTE
Maintainer: ‘Ran Gao <rgao8@uic.edu>’
No Authors@R field in DESCRIPTION.
Please add one, modifying
Authors@R: c(person(given = "Hakan",
family = "Demirtas",
role = "aut"),
person(given = "Rawan",
family = "Allozi",
role = "aut"),
person(given = "Ran",
family = "Gao",
role = c("aut", "cre"),
email = "rgao8@uic.edu"))
as necessary.
Flavors: r-devel-linux-x86_64-debian-clang, r-devel-linux-x86_64-debian-gcc