Last updated on 2025-05-03 12:54:58 CEST.
Flavor | Version | Tinstall | Tcheck | Ttotal | Status | Flags |
---|---|---|---|---|---|---|
r-devel-linux-x86_64-debian-clang | 2.0-7 | 9.36 | 79.62 | 88.98 | NOTE | |
r-devel-linux-x86_64-debian-gcc | 2.0-7 | 6.66 | 55.16 | 61.82 | NOTE | |
r-devel-linux-x86_64-fedora-clang | 2.0-7 | 123.71 | NOTE | |||
r-devel-linux-x86_64-fedora-gcc | 2.0-7 | 130.29 | NOTE | |||
r-devel-windows-x86_64 | 2.0-7 | 14.00 | 127.00 | 141.00 | NOTE | |
r-patched-linux-x86_64 | 2.0-7 | 11.37 | 72.05 | 83.42 | NOTE | |
r-release-linux-x86_64 | NOTE | |||||
r-release-macos-arm64 | 2.0-7 | 38.00 | NOTE | |||
r-release-macos-x86_64 | 2.0-7 | 65.00 | NOTE | |||
r-release-windows-x86_64 | 2.0-7 | 14.00 | 124.00 | 138.00 | NOTE | |
r-oldrel-macos-arm64 | 2.0-7 | 37.00 | NOTE | |||
r-oldrel-macos-x86_64 | 2.0-7 | 56.00 | NOTE | |||
r-oldrel-windows-x86_64 | 2.0-7 | 18.00 | 151.00 | 169.00 | NOTE |
Version: 2.0-7
Check: CRAN incoming feasibility
Result: NOTE
Maintainer: ‘John Verzani <verzani@math.csi.cuny.edu>’
No Authors@R field in DESCRIPTION.
Please add one, modifying
Authors@R: person(given = "John",
family = "Verzani",
role = c("aut", "cre"),
email = "verzani@math.csi.cuny.edu")
as necessary.
Flavors: r-devel-linux-x86_64-debian-clang, r-devel-linux-x86_64-debian-gcc
Version: 2.0-7
Check: Rd files
Result: NOTE
checkRd: (-1) aosat.Rd:20: Escaped LaTeX specials: \_ \_ \_
checkRd: (-1) aosat.Rd:21: Escaped LaTeX specials: \_
checkRd: (-1) arctic.oscillations.Rd:19: Escaped LaTeX specials: \_ \_ \_
checkRd: (-1) arctic.oscillations.Rd:20: Escaped LaTeX specials: \_
checkRd: (-1) babies.Rd:28: Escaped LaTeX specials: \&
checkRd: (-1) babies.Rd:41: Escaped LaTeX specials: \$
checkRd: (-1) cabinet.Rd:25: Escaped LaTeX specials: \$
checkRd: (-1) cabinet.Rd:43: Escaped LaTeX specials: \$
checkRd: (-1) cabinet.Rd:48: Escaped LaTeX specials: \$
checkRd: (-1) exec.pay.Rd:5: Escaped LaTeX specials: \$
checkRd: (-1) sp500.excess.Rd:4: Escaped LaTeX specials: \&
checkRd: (-1) sp500.excess.Rd:6: Escaped LaTeX specials: \&
Flavors: r-devel-linux-x86_64-debian-clang, r-devel-linux-x86_64-debian-gcc, r-devel-linux-x86_64-fedora-clang, r-devel-linux-x86_64-fedora-gcc, r-devel-windows-x86_64, r-patched-linux-x86_64, r-release-linux-x86_64, r-release-macos-arm64, r-release-macos-x86_64, r-release-windows-x86_64, r-oldrel-macos-arm64, r-oldrel-macos-x86_64, r-oldrel-windows-x86_64