Last updated on 2024-06-17 06:50:35 CEST.
Flavor | Version | Tinstall | Tcheck | Ttotal | Status | Flags |
---|---|---|---|---|---|---|
r-devel-linux-x86_64-debian-clang | 0.1.0 | 84.32 | 68.16 | 152.48 | OK | |
r-devel-linux-x86_64-debian-gcc | 0.1.0 | 57.13 | 52.33 | 109.46 | OK | |
r-devel-linux-x86_64-fedora-clang | 0.1.0 | 196.40 | OK | |||
r-devel-linux-x86_64-fedora-gcc | 0.1.0 | 221.26 | OK | |||
r-devel-windows-x86_64 | 0.1.0 | 61.00 | 90.00 | 151.00 | OK | |
r-patched-linux-x86_64 | 0.1.0 | 67.07 | 66.56 | 133.63 | OK | |
r-release-linux-x86_64 | 0.1.0 | 74.48 | 67.19 | 141.67 | OK | |
r-release-macos-arm64 | 0.1.0 | 50.00 | NOTE | |||
r-release-macos-x86_64 | 0.1.0 | 83.00 | NOTE | |||
r-release-windows-x86_64 | 0.1.0 | 62.00 | 89.00 | 151.00 | OK | |
r-oldrel-macos-arm64 | 0.1.0 | 61.00 | NOTE | |||
r-oldrel-macos-x86_64 | 0.1.0 | 156.00 | NOTE | |||
r-oldrel-windows-x86_64 | 0.1.0 | 75.00 | 107.00 | 182.00 | OK |
Version: 0.1.0
Check: installed package size
Result: NOTE
installed size is 7.8Mb
sub-directories of 1Mb or more:
libs 7.5Mb
Flavors: r-release-macos-arm64, r-release-macos-x86_64, r-oldrel-macos-arm64, r-oldrel-macos-x86_64