Last updated on 2025-05-05 21:51:21 CEST.
Flavor | Version | Tinstall | Tcheck | Ttotal | Status | Flags |
---|---|---|---|---|---|---|
r-devel-linux-x86_64-debian-clang | 0.1.0 | 59.92 | 55.49 | 115.41 | NOTE | |
r-devel-linux-x86_64-debian-gcc | 0.1.0 | 48.35 | 42.37 | 90.72 | NOTE | |
r-devel-linux-x86_64-fedora-clang | 0.1.0 | 188.94 | OK | |||
r-devel-linux-x86_64-fedora-gcc | 0.1.0 | 228.24 | OK | |||
r-devel-windows-x86_64 | 0.1.0 | 63.00 | 89.00 | 152.00 | OK | |
r-patched-linux-x86_64 | 0.1.0 | 59.31 | 52.14 | 111.45 | OK | |
r-release-linux-x86_64 | 0.1.0 | 63.49 | 52.42 | 115.91 | OK | |
r-release-macos-arm64 | 0.1.0 | OK | ||||
r-release-macos-x86_64 | 0.1.0 | 113.00 | OK | |||
r-release-windows-x86_64 | 0.1.0 | 62.00 | 89.00 | 151.00 | OK | |
r-oldrel-macos-arm64 | 0.1.0 | 50.00 | NOTE | |||
r-oldrel-macos-x86_64 | 0.1.0 | 83.00 | NOTE | |||
r-oldrel-windows-x86_64 | 0.1.0 | 77.00 | 108.00 | 185.00 | OK |
Version: 0.1.0
Check: CRAN incoming feasibility
Result: NOTE
Maintainer: ‘Jiehuan Sun <jiehuan.sun@gmail.com>’
No Authors@R field in DESCRIPTION.
Please add one, modifying
Authors@R: person(given = "Jiehuan",
family = "Sun",
role = c("aut", "cre"),
email = "jiehuan.sun@gmail.com")
as necessary.
Flavors: r-devel-linux-x86_64-debian-clang, r-devel-linux-x86_64-debian-gcc
Version: 0.1.0
Check: installed package size
Result: NOTE
installed size is 7.8Mb
sub-directories of 1Mb or more:
libs 7.5Mb
Flavors: r-oldrel-macos-arm64, r-oldrel-macos-x86_64