Last updated on 2025-11-25 12:50:09 CET.
| Flavor | Version | Tinstall | Tcheck | Ttotal | Status | Flags |
|---|---|---|---|---|---|---|
| r-devel-linux-x86_64-debian-clang | 2.4.9 | 15.10 | 90.95 | 106.05 | NOTE | |
| r-devel-linux-x86_64-debian-gcc | 2.4.9 | 11.67 | 65.47 | 77.14 | NOTE | |
| r-devel-linux-x86_64-fedora-clang | 2.4.9 | 33.00 | 130.48 | 163.48 | OK | |
| r-devel-linux-x86_64-fedora-gcc | 2.4.9 | 32.00 | 122.54 | 154.54 | OK | |
| r-devel-windows-x86_64 | 2.4.9 | 32.00 | 103.00 | 135.00 | OK | |
| r-patched-linux-x86_64 | 2.4.9 | 13.38 | 84.10 | 97.48 | OK | |
| r-release-linux-x86_64 | 2.4.9 | 13.78 | 83.41 | 97.19 | OK | |
| r-release-macos-arm64 | 2.4.9 | OK | ||||
| r-release-macos-x86_64 | 2.4.9 | 13.00 | 51.00 | 64.00 | OK | |
| r-release-windows-x86_64 | 2.4.9 | 20.00 | 129.00 | 149.00 | OK | |
| r-oldrel-macos-arm64 | 2.4.9 | OK | ||||
| r-oldrel-macos-x86_64 | 2.4.9 | 12.00 | 57.00 | 69.00 | OK | |
| r-oldrel-windows-x86_64 | 2.4.9 | 24.00 | 190.00 | 214.00 | OK |
Version: 2.4.9
Check: CRAN incoming feasibility
Result: NOTE
Maintainer: ‘Michael Salter-Townshend <mike.saltertownshend@gmail.com>’
No Authors@R field in DESCRIPTION.
Please add one, modifying
Authors@R: person(given = "Michael",
family = "Salter-Townshend",
role = c("aut", "cre"),
email = "mike.saltertownshend@gmail.com")
as necessary.
Flavors: r-devel-linux-x86_64-debian-clang, r-devel-linux-x86_64-debian-gcc