Last updated on 2025-05-03 21:51:35 CEST.
Flavor | Version | Tinstall | Tcheck | Ttotal | Status | Flags |
---|---|---|---|---|---|---|
r-devel-linux-x86_64-debian-clang | 2.0.0 | 10.58 | 86.78 | 97.36 | NOTE | |
r-devel-linux-x86_64-debian-gcc | 2.0.0 | 7.12 | 62.27 | 69.39 | NOTE | |
r-devel-linux-x86_64-fedora-clang | 2.0.0 | 144.02 | OK | |||
r-devel-linux-x86_64-fedora-gcc | 2.0.0 | 148.00 | OK | |||
r-devel-windows-x86_64 | 2.0.0 | 14.00 | 95.00 | 109.00 | OK | |
r-patched-linux-x86_64 | 2.0.0 | 10.81 | 80.09 | 90.90 | OK | |
r-release-linux-x86_64 | OK | |||||
r-release-macos-arm64 | 2.0.0 | 38.00 | OK | |||
r-release-macos-x86_64 | 2.0.0 | 76.00 | OK | |||
r-release-windows-x86_64 | 2.0.0 | 11.00 | 94.00 | 105.00 | OK | |
r-oldrel-macos-arm64 | 2.0.0 | 41.00 | NOTE | |||
r-oldrel-macos-x86_64 | 2.0.0 | 59.00 | NOTE | |||
r-oldrel-windows-x86_64 | 2.0.0 | 17.00 | 120.00 | 137.00 | NOTE |
Version: 2.0.0
Check: CRAN incoming feasibility
Result: NOTE
Maintainer: ‘Cody Moore <Jumper9400@gmail.com>’
No Authors@R field in DESCRIPTION.
Please add one, modifying
Authors@R: person(given = "Cody",
family = "Moore",
role = c("aut", "cre"),
email = "jumper9400@gmail.com")
as necessary.
Flavors: r-devel-linux-x86_64-debian-clang, r-devel-linux-x86_64-debian-gcc
Version: 2.0.0
Check: LazyData
Result: NOTE
'LazyData' is specified without a 'data' directory
Flavors: r-oldrel-macos-arm64, r-oldrel-macos-x86_64, r-oldrel-windows-x86_64