Last updated on 2025-05-03 21:51:36 CEST.
Flavor | Version | Tinstall | Tcheck | Ttotal | Status | Flags |
---|---|---|---|---|---|---|
r-devel-linux-x86_64-debian-clang | 1.3 | 9.50 | 83.55 | 93.05 | NOTE | |
r-devel-linux-x86_64-debian-gcc | 1.3 | 6.34 | 59.85 | 66.19 | NOTE | |
r-devel-linux-x86_64-fedora-clang | 1.3 | 132.76 | OK | |||
r-devel-linux-x86_64-fedora-gcc | 1.3 | 139.05 | OK | |||
r-devel-windows-x86_64 | 1.3 | 11.00 | 91.00 | 102.00 | OK | |
r-patched-linux-x86_64 | 1.3 | 8.64 | 78.13 | 86.77 | OK | |
r-release-linux-x86_64 | OK | |||||
r-release-macos-arm64 | 1.3 | 39.00 | OK | |||
r-release-macos-x86_64 | 1.3 | 89.00 | OK | |||
r-release-windows-x86_64 | 1.3 | 12.00 | 90.00 | 102.00 | OK | |
r-oldrel-macos-arm64 | 1.3 | 42.00 | OK | |||
r-oldrel-macos-x86_64 | 1.3 | 68.00 | OK | |||
r-oldrel-windows-x86_64 | 1.3 | 14.00 | 113.00 | 127.00 | OK |
Version: 1.3
Check: CRAN incoming feasibility
Result: NOTE
Maintainer: ‘Shannon T. Holloway <shannon.t.holloway@gmail.com>’
The Description field contains
M. (2021) <arXiv:2102.13103> .
Please refer to arXiv e-prints via their arXiv DOI <doi:10.48550/arXiv.YYMM.NNNNN>.
Flavors: r-devel-linux-x86_64-debian-clang, r-devel-linux-x86_64-debian-gcc