Last updated on 2024-06-17 06:50:36 CEST.
Flavor | Version | Tinstall | Tcheck | Ttotal | Status | Flags |
---|---|---|---|---|---|---|
r-devel-linux-x86_64-debian-clang | 1.0 | 96.33 | 33.55 | 129.88 | NOTE | |
r-devel-linux-x86_64-debian-gcc | 1.0 | 61.72 | 25.10 | 86.82 | NOTE | |
r-devel-linux-x86_64-fedora-clang | 1.0 | 199.44 | NOTE | |||
r-devel-linux-x86_64-fedora-gcc | 1.0 | 185.81 | NOTE | |||
r-devel-windows-x86_64 | 1.0 | 76.00 | 63.00 | 139.00 | NOTE | |
r-patched-linux-x86_64 | 1.0 | 78.89 | 32.09 | 110.98 | NOTE | |
r-release-linux-x86_64 | 1.0 | 79.01 | 32.62 | 111.63 | NOTE | |
r-release-macos-arm64 | 1.0 | 37.00 | NOTE | |||
r-release-macos-x86_64 | 1.0 | 41.00 | NOTE | |||
r-release-windows-x86_64 | 1.0 | 76.00 | 69.00 | 145.00 | NOTE | |
r-oldrel-macos-arm64 | 1.0 | 44.00 | NOTE | |||
r-oldrel-macos-x86_64 | 1.0 | 72.00 | NOTE | |||
r-oldrel-windows-x86_64 | 1.0 | 91.00 | 76.00 | 167.00 | NOTE |
Version: 1.0
Check: C++ specification
Result: NOTE
Specified C++11: please drop specification unless essential
Flavors: r-devel-linux-x86_64-debian-clang, r-devel-linux-x86_64-debian-gcc, r-devel-linux-x86_64-fedora-clang, r-devel-linux-x86_64-fedora-gcc, r-devel-windows-x86_64, r-patched-linux-x86_64, r-release-linux-x86_64, r-release-macos-arm64, r-release-macos-x86_64, r-release-windows-x86_64, r-oldrel-macos-arm64, r-oldrel-macos-x86_64, r-oldrel-windows-x86_64